{"id":21,"date":"2018-08-05T18:30:58","date_gmt":"2018-08-05T18:30:58","guid":{"rendered":"http:\/\/talithakumi.ps\/community-college\/?page_id=21"},"modified":"2020-01-03T15:35:20","modified_gmt":"2020-01-03T15:35:20","slug":"grusswort-der-dekanin","status":"publish","type":"page","link":"https:\/\/talithakumi.ps\/community-college\/grusswort-der-dekanin\/","title":{"rendered":"Gru\u00dfwort der Dekanin"},"content":{"rendered":"<p>[vc_row][vc_column][vc_custom_heading text=&#8221;Gru\u00dfwort der Dekanin&#8221; font_container=&#8221;tag:h2|font_size:35|text_align:center|color:%237f0909&#8243; use_theme_fonts=&#8221;yes&#8221;][\/vc_column][\/vc_row][vc_row][vc_column width=&#8221;1\/2&#8243;][vc_custom_heading text=&#8221;Willkommen auf der Homepage der Berufsschule Talitha Kumi&#8221; use_theme_fonts=&#8221;yes&#8221;][vc_column_text]Herzlich Willkommen in der Berufsschule Talitha Kumi und dem Berufsausbildungszentrum, einer der h\u00f6heren Bildungsinstitutionen und in der Hotel- und Tourismusausbildung in Pal\u00e4stina f\u00fchrend.<\/p>\n<p>Seit der Gr\u00fcndung der Berufsschule&nbsp; im Jahr 2000 war das Ziel, mit der rasanten Entwicklung der Hotel- und Tourismusindustrie in Pal\u00e4stina Schritt zu halten und Absolventen mit den erforderlichen Kenntnissen und technischen Fertigkeiten in den Arbeitsmarkt zu schicken und qualifizierte Kader f\u00fcr die Schaffung von Arbeitspl\u00e4tzen f\u00fcr die jungen Leute Pal\u00e4stinas auszubilden.<\/p>\n<p>Die Berufsschule bietet spezielle Programme im Hotelmanagement und Tourismus mit Diplomabschluss. In &nbsp;diesen Programmen und Fachkursen konzentriert es sich auf die praktischen und theoretischen Aspekte in ausgewogener Weise in Zusammenarbeit mit dem privaten Sektor, um \u201eintegrierte\u201c Absolventen in Bezug auf die beruflichen und wissenschaftlichen &nbsp;Kenntnisse und F\u00e4higkeiten heranzubilden.<\/p>\n<p>Der Tourismussektor in Pal\u00e4stina ist ein sich entwickelnder Sektor,der eine gro\u00dfe Anzahl von Absolventen in allen Arbeitsbereichen braucht. Die Berufsschule Talitha Kumi bem\u00fcht sich, diesem Sektor qualifizierte Berufsabsolventen zuzuf\u00fchren, die fundierte Fertigkeiten besitzen und somit die Bed\u00fcrfnisse und W\u00fcnsche des Arbeitsmarktes in den Hoteleinrichtungen zu treffen. &nbsp;<\/p>\n<p>Der Student steht im Mittelpunkt unserer gesamten Aufmerksamkeit und Bem\u00fchungen, &nbsp;und deshalb sind wir st\u00e4ndig bestrebt, den Lehrplan in Bezug auf Inhalt, Sprache und praktischen Aspekten zu f\u00f6rdern, um den ausgezeichneten Azubi &nbsp;in seiner Karriere vorzubereiten. In diesem Zusammenhang hat die Fachoberschule ein Partnerschaftsabkommen mit Dietrich-Bonhoeffer-Haus Hotel in Deutschland abgeschlossen, um Studenten zu trainieren und zugleich auch den Austausch von Erfahrungen zu pflegen, sowie die Zusammenarbeit im Know-how Bereich und die &nbsp;partnerschaftlichen Beziehungen zu st\u00e4rken.<\/p>\n<p>Unsere Beziehungen mit unseren Partnern im \u00f6ffentlichen Sektor, voran das Ministerium f\u00fcr Tourismus und Altert\u00fcmer, das Ministerium f\u00fcr Bildung und Hochschulwesen, das Arbeitsministerium und der Privatsektor, verk\u00f6rpert durch den Arabischen Hotelverband, sind tief fundiert im College\u2019s Aufbau und Entwicklung im Einklang mit einer soliden und wissenschaftlichen Basis.<\/p>\n<p>Die Berufsschule Talitha Kumi hat alle Erfolgsvoraussetzungen f\u00fcr die Heranbildung von qualifizierten und durch die modernsten Methoden im Bereich des Tourismus und Hotels ausgebildeten Studenten. Es wird stets als erstes &nbsp;die Initiative f\u00fcr die St\u00e4rkung und Verbesserung seiner Lehrpl\u00e4ne und Programme ergreifen, um seine Absolventen weiter im Hotel- und Tourismussektor im Besonderen und Pal\u00e4stina im Allgemeinen &nbsp;zu f\u00f6rdern..<\/p>\n<p>Die Berufsschule verf\u00fcgt \u00fcber ein hochqualifiziertes Lehrgremium, das im Teamgeist arbeitet. Das wichtigste Merkmal dieses Teams ist der Geist der Harmonie, der Liebe und Zusammenarbeit, denn alle arbeiten sehr hart und engagiert zum Wohle der Studierenden, das sich im Dialog und Offenheit gegen\u00fcber anderen Kulturen auf ihre berufliche Leistung an ihren Arbeitspl\u00e4tzen widerspiegelt.<\/p>\n<p>Abschlie\u00dfend ist es mir eine Freude, ein herzliches Dankesch\u00f6n zu richten an das Berliner Missionswerk, an den Principal der Talitha Kumi Institution, an ihr Verwaltungsteam und an die F\u00f6rderer des Kollegs, voran BTC und GIZ, die die technische und logistische Unterst\u00fctzung f\u00fcr den Bau und Weiterentwicklung der Berufsschule zur Verf\u00fcgung gestellt haben.[\/vc_column_text][\/vc_column][vc_column width=&#8221;1\/2&#8243;][vc_single_image image=&#8221;56&#8243; img_size=&#8221;large&#8221;][\/vc_column][\/vc_row]<\/p>\n","protected":false},"excerpt":{"rendered":"<p>[vc_row][vc_column][vc_custom_heading text=&#8221;Gru\u00dfwort der Dekanin&#8221; font_container=&#8221;tag:h2|font_size:35|text_align:center|color:%237f0909&#8243; use_theme_fonts=&#8221;yes&#8221;][\/vc_column][\/vc_row][vc_row][vc_column width=&#8221;1\/2&#8243;][vc_custom_heading text=&#8221;Willkommen auf der Homepage der Berufsschule Talitha Kumi&#8221; use_theme_fonts=&#8221;yes&#8221;][vc_column_text]Herzlich Willkommen in der Berufsschule Talitha Kumi und dem Berufsausbildungszentrum, einer der h\u00f6heren Bildungsinstitutionen und in der Hotel- und Tourismusausbildung in Pal\u00e4stina f\u00fchrend. Seit der Gr\u00fcndung der Berufsschule&nbsp; im Jahr 2000 war das Ziel, mit der rasanten Entwicklung der Hotel- [&hellip;]<\/p>\n","protected":false},"author":3,"featured_media":0,"parent":0,"menu_order":0,"comment_status":"closed","ping_status":"closed","template":"page-templates\/demo-nav-3.php","meta":{"ngg_post_thumbnail":0,"footnotes":""},"class_list":["post-21","page","type-page","status-publish","hentry"],"_links":{"self":[{"href":"https:\/\/talithakumi.ps\/community-college\/wp-json\/wp\/v2\/pages\/21","targetHints":{"allow":["GET"]}}],"collection":[{"href":"https:\/\/talithakumi.ps\/community-college\/wp-json\/wp\/v2\/pages"}],"about":[{"href":"https:\/\/talithakumi.ps\/community-college\/wp-json\/wp\/v2\/types\/page"}],"author":[{"embeddable":true,"href":"https:\/\/talithakumi.ps\/community-college\/wp-json\/wp\/v2\/users\/3"}],"replies":[{"embeddable":true,"href":"https:\/\/talithakumi.ps\/community-college\/wp-json\/wp\/v2\/comments?post=21"}],"version-history":[{"count":3,"href":"https:\/\/talithakumi.ps\/community-college\/wp-json\/wp\/v2\/pages\/21\/revisions"}],"predecessor-version":[{"id":57,"href":"https:\/\/talithakumi.ps\/community-college\/wp-json\/wp\/v2\/pages\/21\/revisions\/57"}],"wp:attachment":[{"href":"https:\/\/talithakumi.ps\/community-college\/wp-json\/wp\/v2\/media?parent=21"}],"curies":[{"name":"wp","href":"https:\/\/api.w.org\/{rel}","templated":true}]}}