{"id":129,"date":"2017-04-12T15:33:33","date_gmt":"2017-04-12T15:33:33","guid":{"rendered":"http:\/\/www.switch.ps\/talitha\/school\/?page_id=129"},"modified":"2023-04-07T16:10:05","modified_gmt":"2023-04-07T16:10:05","slug":"leitbild","status":"publish","type":"page","link":"https:\/\/talithakumi.ps\/school\/leitbild\/","title":{"rendered":"Leitbild"},"content":{"rendered":"<div class=\"wpb-content-wrapper\"><p>[vc_row content_placement=&#8221;top&#8221; u_row_style=&#8221;0&#8243; u_row_paralax=&#8221;0&#8243; u_row_scheme=&#8221;0&#8243;][vc_column][vc_custom_heading text=&#8221;Das Leitbild der Schule&#8221; font_container=&#8221;tag:h2|font_size:35|text_align:center&#8221; use_theme_fonts=&#8221;yes&#8221;][\/vc_column][\/vc_row][vc_row u_row_style=&#8221;0&#8243; u_row_paralax=&#8221;0&#8243; u_row_scheme=&#8221;0&#8243;][vc_column width=&#8221;2\/3&#8243; css=&#8221;.vc_custom_1494653940941{padding-top: 25px !important;padding-right: 25px !important;padding-bottom: 25px !important;padding-left: 25px !important;background-color: #f9f9e0 !important;}&#8221;][\/vc_column][vc_column width=&#8221;1\/3&#8243; css=&#8221;.vc_custom_1494653947427{padding-top: 25px !important;padding-right: 25px !important;padding-bottom: 25px !important;padding-left: 25px !important;background-color: #f9f9e0 !important;}&#8221;][\/vc_column][\/vc_row][vc_row][vc_column width=&#8221;2\/3&#8243;][vc_column_text]<\/p>\n<h3><span style=\"color: #000000\"><strong>P\u00e4dagogische Leitidee<\/strong><\/span><\/h3>\n<h4><span style=\"color: #000000\">Das Leitbild der Deutschen Evangelisch-Lutherischen Schule Talitha Kumi basiert auf den Grunds\u00e4tzen einer christlichen und humanistisch gepr\u00e4gten Erziehung sowie auf der Vermittlung von elementaren Werten wie Frieden, Freiheit und Demokratie, wie Gleichberechtigung und soziale Gerechtigkeit, wie zeitgem\u00e4\u00dfes Umweltbewusstsein und internationale Zusammenarbeit.<\/span><\/h4>\n<h4><span style=\"color: #000000\">Talitha Kumi w\u00fcrdigt sowohl die pal\u00e4stinensische wie die deutsche Kultur, Sprache und Geschichte. Auf diese Weise schaffen wir eine Atmosph\u00e4re des Verst\u00e4ndnisses und des gegenseitigen Respekts. Mit der Begegnung beider Kulturen nutzen wir die einzigartige Chance zu einer interkulturellen Erziehung und Bildung unserer Sch\u00fcler.<\/span><\/h4>\n<h4><span style=\"color: #000000\">Die schulische Gemeinschaft von Talitha Kumi strebt ein Klima an, in dem jeder Lernende und Lehrende sich wohl f\u00fchlt und sich mit dieser Gemeinschaft identifiziert.<\/span><\/h4>\n<h4><span style=\"color: #000000\">Deshalb steht Talitha Kumi besonders f\u00fcr die gleiche Wertsch\u00e4tzung aller ein: Eigenheiten jedes Individuums werden mit R\u00fccksicht wahrgenommen. Wir verstehen Talitha Kumi als einen Ort, an dem Menschen mit besonderem F\u00f6rderbedarf integriert werden, indem ihre F\u00e4higkeiten und Bed\u00fcrfnisse beachtet und diese Menschen im Rahmen ihrer M\u00f6glichkeiten erzogen werden, so dass jeder seine Talente entfalten kann.<\/span><\/h4>\n<h3><strong><span style=\"color: #000000\">Lehr- und Lernprozesse in Talitha Kumi<\/span><\/strong><\/h3>\n<h4><span style=\"color: #000000\">Wir treten f\u00fcr gleicherma\u00dfen offene wie kompetent angeleitete Lernprozesse ein, die es unseren Sch\u00fclern erm\u00f6glichen,<sup> &nbsp;<\/sup>zu selbstbestimmten, kreativen und aufgeschlossenen Pers\u00f6nlichkeiten heranzureifen. Dazu erhalten sie von uns die notwendigen F\u00e4higkeiten: kritisch nachzudenken, Probleme intelligent zu l\u00f6sen und sich anderen Menschen gegen\u00fcber gewaltlos zu verhalten.<\/span><\/h4>\n<h4><span style=\"color: #000000\">Wir ermuntern unsere Sch\u00fcler, ihre schulischen und pers\u00f6nlichen Ziele entschlossen zu verfolgen, um in einer pluralistischen Gesellschaft bestehen zu k\u00f6nnen. Hierzu bieten wir besondere Veranstaltungen an, &nbsp;wie zum Beispiel verschiedene musisch-\u00e4sthetische und sportliche Arbeitsgemeinschaften.<\/span><\/h4>\n<h4><span style=\"color: #000000\">Wir arbeiten in Talitha Kumi Hand in Hand, um eine anregende Lernumgebung zu schaffen; unsere qualifizierten Lehrer unterrichten methodisch differenziert, damit wir einerseits den besonderen Bed\u00fcrfnissen unserer Sch\u00fcler gerecht werden und sie andererseits in der Entwicklung vielf\u00e4ltiger F\u00e4higkeiten voranbringen.<\/span><\/h4>\n<h3><strong><span style=\"color: #000000\">Interkulturelle Begegnungen in Talitha Kumi<\/span><\/strong><\/h3>\n<h4><span style=\"color: #000000\">Wir erziehen unsere Sch\u00fcler gleichzeitig zu national verankerten und weltoffenen B\u00fcrgern, indem wir sie f\u00fcr ihre eigene Kultur wie f\u00fcr fremde Kulturen sensibilisieren.<\/span><\/h4>\n<h4><span style=\"color: #000000\">Wir f\u00f6rdern Austauschprogramme, damit unsere Sch\u00fcler Teil einer internationalen Gemeinschaft werden und zur V\u00f6lkerverst\u00e4ndigung beitragen k\u00f6nnen.<\/span><\/h4>\n<h3><strong><span style=\"color: #000000\">F\u00f6rderung der deutschen Sprache in Talitha Kumi<\/span><\/strong><\/h3>\n<h4><span style=\"color: #000000\">Ein Hauptaugenmerk unserer Arbeit liegt auf der F\u00f6rderung der deutschen Sprache sowohl im DIAP- als auch im Tawjihi-Zweig. Im Zuge dieser Bem\u00fchungen f\u00fchren wir unsere Sch\u00fcler zum Deutschen Internationalen Abitur sowie zur Erlangung der DSD-Sprachzertifikate und bereiten sie auf ein Studium in Deutschland vor.<\/span><\/h4>\n<h3><strong><span style=\"color: #000000\">Zusammenarbeit und Kommunikation in Talitha Kumi<\/span><\/strong><\/h3>\n<h4><span style=\"color: #000000\">Wir motivieren unsere Sch\u00fcler, Verantwortung f\u00fcr ihr Handeln zu \u00fcbernehmen und im Konfliktfall den Dialog zu suchen, indem sie zum Beispiel das Angebot der Mediatoren nutzen.<\/span><\/h4>\n<h4><span style=\"color: #000000\">Wir schaffen ein sicheres und vertrauensvolles Umfeld f\u00fcr alle Sch\u00fcler, wobei wir uns um jeden einzelnen k\u00fcmmern, sei es in religi\u00f6sen, moralischen, intellektuellen, sozialen oder emotionalen Belangen.<\/span><\/h4>\n<h4><span style=\"color: #000000\">Wir engagieren uns zusammen mit unseren Kooperationspartnern, um die Ziele unseres Bildungs- und Erziehungsauftrags zu erreichen.&nbsp;<\/span><\/h4>\n<h4><span style=\"color: #000000\">Das Leitbild der Schule spiegelt sich im Schulprogramm wieder.<\/span><\/h4>\n<p>[\/vc_column_text][\/vc_column][vc_column width=&#8221;1\/3&#8243;][vc_single_image image=&#8221;12258&#8243; img_size=&#8221;full&#8221; add_caption=&#8221;yes&#8221; alignment=&#8221;center&#8221; onclick=&#8221;link_image&#8221;][\/vc_column][\/vc_row]<\/p>\n<\/div>","protected":false},"excerpt":{"rendered":"<p>[vc_row content_placement=&#8221;top&#8221; u_row_style=&#8221;0&#8243; u_row_paralax=&#8221;0&#8243; u_row_scheme=&#8221;0&#8243;][vc_column][vc_custom_heading text=&#8221;Das Leitbild der Schule&#8221; font_container=&#8221;tag:h2|font_size:35|text_align:center&#8221; use_theme_fonts=&#8221;yes&#8221;][\/vc_column][\/vc_row][vc_row u_row_style=&#8221;0&#8243; u_row_paralax=&#8221;0&#8243; u_row_scheme=&#8221;0&#8243;][vc_column width=&#8221;2\/3&#8243; css=&#8221;.vc_custom_1494653940941{padding-top: 25px !important;padding-right: 25px !important;padding-bottom: 25px !important;padding-left: 25px !important;background-color: #f9f9e0 !important;}&#8221;][\/vc_column][vc_column width=&#8221;1\/3&#8243; css=&#8221;.vc_custom_1494653947427{padding-top: 25px !important;padding-right: 25px !important;padding-bottom: 25px !important;padding-left: 25px !important;background-color: #f9f9e0 !important;}&#8221;][\/vc_column][\/vc_row][vc_row][vc_column width=&#8221;2\/3&#8243;][vc_column_text] P\u00e4dagogische Leitidee Das Leitbild der Deutschen Evangelisch-Lutherischen Schule Talitha Kumi basiert auf den Grunds\u00e4tzen einer christlichen [&hellip;]<\/p>\n","protected":false},"author":2,"featured_media":0,"parent":0,"menu_order":0,"comment_status":"closed","ping_status":"closed","template":"page-templates\/demo-nav-3.php","meta":{"footnotes":""},"class_list":["post-129","page","type-page","status-publish","hentry"],"_links":{"self":[{"href":"https:\/\/talithakumi.ps\/school\/wp-json\/wp\/v2\/pages\/129","targetHints":{"allow":["GET"]}}],"collection":[{"href":"https:\/\/talithakumi.ps\/school\/wp-json\/wp\/v2\/pages"}],"about":[{"href":"https:\/\/talithakumi.ps\/school\/wp-json\/wp\/v2\/types\/page"}],"author":[{"embeddable":true,"href":"https:\/\/talithakumi.ps\/school\/wp-json\/wp\/v2\/users\/2"}],"replies":[{"embeddable":true,"href":"https:\/\/talithakumi.ps\/school\/wp-json\/wp\/v2\/comments?post=129"}],"version-history":[{"count":5,"href":"https:\/\/talithakumi.ps\/school\/wp-json\/wp\/v2\/pages\/129\/revisions"}],"predecessor-version":[{"id":12260,"href":"https:\/\/talithakumi.ps\/school\/wp-json\/wp\/v2\/pages\/129\/revisions\/12260"}],"wp:attachment":[{"href":"https:\/\/talithakumi.ps\/school\/wp-json\/wp\/v2\/media?parent=129"}],"curies":[{"name":"wp","href":"https:\/\/api.w.org\/{rel}","templated":true}]}}