{"id":1431,"date":"2017-05-03T18:45:55","date_gmt":"2017-05-03T18:45:55","guid":{"rendered":"http:\/\/talithakumi.ps\/school\/?page_id=1431"},"modified":"2020-07-04T13:35:33","modified_gmt":"2020-07-04T13:35:33","slug":"kunst-information","status":"publish","type":"page","link":"https:\/\/talithakumi.ps\/school\/kunst-information\/","title":{"rendered":"Kunst"},"content":{"rendered":"<div class=\"wpb-content-wrapper\"><p>[vc_row content_placement=&#8221;top&#8221; u_row_style=&#8221;1&#8243; u_row_paralax=&#8221;0&#8243; u_row_scheme=&#8221;0&#8243;][vc_column][vc_custom_heading text=&#8221;Kunst &#8211; Information&#8221; font_container=&#8221;tag:h1|font_size:40|text_align:center&#8221; use_theme_fonts=&#8221;yes&#8221;][vc_empty_space][\/vc_column][\/vc_row][vc_row u_row_style=&#8221;0&#8243; u_row_paralax=&#8221;0&#8243; u_row_scheme=&#8221;0&#8243;][vc_column][vc_custom_heading text=&#8221;Aktuelles aus dem Kunstunterricht&#8221; font_container=&#8221;tag:h3|font_size:34|text_align:left&#8221; use_theme_fonts=&#8221;yes&#8221;][vc_row_inner][vc_column_inner][vc_custom_heading text=&#8221;Kunstbilder zum Thema &#8220;ich teile&#8230;.&#8220;&#8221; font_container=&#8221;tag:h3|font_size:30|text_align:left&#8221; use_theme_fonts=&#8221;yes&#8221; css=&#8221;.vc_custom_1593869375921{padding-top: 5px !important;padding-right: 5px !important;padding-bottom: 5px !important;padding-left: 5px !important;}&#8221;][vc_video link=&#8221;https:\/\/youtu.be\/6bMLH5xong0&#8243; el_width=&#8221;70&#8243; align=&#8221;center&#8221;][\/vc_column_inner][\/vc_row_inner][vc_row_inner][vc_column_inner][vc_custom_heading text=&#8221;Kunst in der Zeit des E-Learning&#8221; font_container=&#8221;tag:h3|font_size:26|text_align:left|color:%231e73be&#8221; use_theme_fonts=&#8221;yes&#8221; css=&#8221;.vc_custom_1590342272905{padding-top: 5px !important;padding-right: 5px !important;padding-bottom: 5px !important;padding-left: 5px !important;}&#8221;][vc_column_text]Die Kunststunden in der Corona-Krise fanden online statt. Die Lehrerin nahm bei jeder Stunde die Sch\u00fcler mit auf eine kleine Reise. Jede Stunde gab es einen anderen K\u00fcnstler und ein anderes Land mit Wissen zum K\u00fcnstler, seine Technik oder etwas Geschichte dazu. Sie zeigte ihnen viele Bilder wie in einem Museum und dann sind die Sch\u00fcler dran und k\u00f6nnen etwas zu diesen Themen erarbeiten.<\/p>\n<p>Unsere erste Reise ging in die Niederlande zu der Kinderbuchautorin Mies van Hout. Ich stellte ihr Kinderbuch &#8220;Heute bin ich vor&#8221; und danach konnten die Sch\u00fcler ihre Gef\u00fchle in Form eines Fisches darstellen.<\/p>\n<p>Die Zweite Reise ging nach Amerika in die Stadt New York. Dort trafen die Sch\u00fcler den K\u00fcnstler James Rizzi. Sie lernten seine bunten fr\u00f6hlichen H\u00e4user kennen. Danach malten die Sch\u00fcler ihre eignen bunten H\u00e4user.<\/p>\n<p>Die dritte Reise ging nach Frankreich in die Hauptstadt Paris. Hier trafen die Sch\u00fcler den K\u00fcnstler Henri Rousseau. Sie lernten viele seiner Dschungelbilder kennen und durften danach selbst einen Tiger malen. Sp\u00e4ter sollten die Sch\u00fcler eine Collage anfertigen und mit Hilfe von ausgeschnittenen Pflanzen und Blumen ihren Tiger verstecken.<\/p>\n<p>Die letzte Reise ging in die Niederlande in die N\u00e4he von Amsterdam. Dort gibt es den gr\u00f6\u00dften Blumenpark der Welt. Gerade im Fr\u00fchling bl\u00fchen dort viele Tulpen und die Niederlande sieht aus wie ein bunter Blumenteppich. Die Sch\u00fcler lernten durch Filme das Land kennen und die Geschichte der Tulpe. Danach konnten die Sch\u00fcler ihr eigenes Tulpenfeld malen. Die letzte Reise konnte auch die 3b mitmachen.<\/p>\n<p>[ngg src=&#8221;galleries&#8221; ids=&#8221;54&#8243; display=&#8221;basic_thumbnail&#8221; thumbnail_crop=&#8221;0&#8243;][\/vc_column_text][\/vc_column_inner][\/vc_row_inner][vc_row_inner][vc_column_inner width=&#8221;2\/3&#8243;][vc_custom_heading text=&#8221;Tag der offenen T\u00fcr&#8221; font_container=&#8221;tag:h3|text_align:left|color:%23ffffff&#8221; use_theme_fonts=&#8221;yes&#8221; css=&#8221;.vc_custom_1493895215380{padding-top: 5px !important;padding-right: 5px !important;padding-bottom: 5px !important;padding-left: 5px !important;background-color: #7f0909 !important;}&#8221;][vc_column_text]Am Tag der offenen T\u00fcr (29.04.2017) pr\u00e4sentierte der Kunstbereich die Arbeiten der Sch\u00fcler der letzten zwei Jahre.<\/p>\n<p>F\u00fcr den Kunstbereich ist der Tag der offenen T\u00fcr eine willkommende M\u00f6glichkeit die Arbeiten der Sch\u00fcler in einer grossen Ausstellung einem breiterem Publikum zu pr\u00e4sentieren.<\/p>\n<p>Viele neue Ideen wurden gezeigt, bestaunt und sehr gelobt.[\/vc_column_text][vc_btn title=&#8221;Tag der offenen T\u00fcr 2017&#8243; color=&#8221;orange&#8221; i_icon_fontawesome=&#8221;fa fa-picture-o&#8221; add_icon=&#8221;true&#8221; link=&#8221;url:http%3A%2F%2Ftalithakumi.ps%2Fschool%2Ftag-der-offenen-tur-2017%2Fnggallery%2Ftag-der-offenen-tuer-2017%2FDer-Kunstbereich-am-Tag-der-offenen-T%25C3%25BCr-2017|||&#8221;][\/vc_column_inner][vc_column_inner width=&#8221;1\/3&#8243;][vc_single_image image=&#8221;1472&#8243; img_size=&#8221;full&#8221;][\/vc_column_inner][\/vc_row_inner][vc_row_inner][vc_column_inner width=&#8221;2\/3&#8243;][vc_custom_heading text=&#8221;Wettbewerb Mit Zahnb\u00fcrste und Zahnpasta bleiben meine Z\u00e4hne gesund&#8221; font_container=&#8221;tag:h3|text_align:left|color:%23ffffff&#8221; use_theme_fonts=&#8221;yes&#8221; css=&#8221;.vc_custom_1493895317290{padding-top: 5px !important;padding-right: 5px !important;padding-bottom: 5px !important;padding-left: 5px !important;background-color: #7f0909 !important;}&#8221;][vc_column_text]Das pal\u00e4stinensische Bildungsministerium l\u00e4dt zu einen Mallwettbewerb mit dem Titel: &#8221; Mit Zahnb\u00fcrste und Zahnpasta bleiben meine Z\u00e4hne gesund&#8221; ein.<\/p>\n<p>Bis zum 03.05.2017 k\u00f6nnen die Sch\u00fcler\/innen aller Schulen in Bethlehem und Umgebung&nbsp; ab Klasse 1 bis 6 an diesem Wettbewerb teilnehmen.<\/p>\n<p>Die Sch\u00fcler\/innen d\u00fcrfen alle Farben und Materialien f\u00fcr ihr Bild benutzen.<\/p>\n<p>Viele Bilder wurden im Kunstbereich abgegeben.<\/p>\n<p>Der Kunstlehrer Herr Nour hat die besten Bilder ausgew\u00e4hlt und dem pal\u00e4stinensischen Bildungsministerium \u00fcbergeben!<\/p>\n<p>Es werden 16 Bilder eingereicht!<\/p>\n<p>Viel Gl\u00fcck![\/vc_column_text][vc_btn title=&#8221;Wettbewerb&#8221; color=&#8221;orange&#8221; i_icon_fontawesome=&#8221;fa fa-picture-o&#8221; add_icon=&#8221;true&#8221; link=&#8221;url:http%3A%2F%2Ftalithakumi.ps%2Fschool%2Fkunst-fotos%2Fnggallery%2Fkunst-fotos%2FWettbewerb-Mit-Zahnb%25C3%25BCrste-und-Zahnpasta-bleiben-meine-Z%25C3%25A4hne-gesund|||&#8221;][\/vc_column_inner][vc_column_inner width=&#8221;1\/3&#8243;][vc_single_image image=&#8221;1591&#8243; img_size=&#8221;full&#8221;][\/vc_column_inner][\/vc_row_inner][vc_custom_heading text=&#8221;Projekte&#8221; font_container=&#8221;tag:h3|text_align:left|color:%23ffffff&#8221; use_theme_fonts=&#8221;yes&#8221; css=&#8221;.vc_custom_1495182699250{padding-top: 5px !important;padding-right: 5px !important;padding-bottom: 5px !important;padding-left: 5px !important;background-color: #7f0909 !important;}&#8221;][vc_tta_accordion shape=&#8221;square&#8221; gap=&#8221;10&#8243; c_icon=&#8221;chevron&#8221; active_section=&#8221;0&#8243; collapsible_all=&#8221;true&#8221;][vc_tta_section title=&#8221;&#8220;Wie entsteht ein Animationsfilm&#8220;&#8221; tab_id=&#8221;1493838232969-390de556-21d1&#8243;][vc_row_inner][vc_column_inner width=&#8221;1\/2&#8243;][vc_column_text]Am Sch\u00fcler-Workshop zum Thema &#8220;Wie entsteht ein Animationsfilm&#8221; konnten&nbsp; 28 Sch\u00fcler aus den Klassen 6 bis 10 teilnehmen.<\/p>\n<p>An drei Tagen wurde unter der Leitung von Herrn Jan Caspers aus Irland und mit der Unterst\u00fctzung von Herrn Nour und Frau Abu-Sarhan den Sch\u00fclern gezeigt, wie mit einfachen Figuren aus Karton und Computer-Technik ein Animationsfilm entsteht. Durch den gemeinschaftlichen Entstehungsprozess wird eine einzigartige Kombination aus Kunst, Handwerk, Technik und Erz\u00e4hlung vermittelt.<\/p>\n<p>Die Sch\u00fcler haben mit gro\u00dfer Begeisterung am Workshop teilgenommen und wurden am Ende mit einer Urkunde ausgezeichnet.<\/p>\n<p>Herr Jan Caspers hat \u00fcber zwanzig Jahre Erfahrung mit p\u00e4dagogischem Animationsfilm und Puppenspiel. In Pal\u00e4stina ist er seit zehn Jahren t\u00e4tig und hat an vierzig verschiedenen Schulen und anderen Bildungseinrichtungen unterrichtet. Neben Pal\u00e4stina arbeitet er vor allem in Deutschland und Irland.[\/vc_column_text][vc_btn title=&#8221;Fotos&#8221; color=&#8221;orange&#8221; i_icon_fontawesome=&#8221;fa fa-picture-o&#8221; add_icon=&#8221;true&#8221; link=&#8221;url:http%3A%2F%2Ftalithakumi.ps%2Fschool%2Fkunst-fotos%2Fnggallery%2Fkunst-fotos%2FWorkshop-Wie-entsteht-ein-Animationsfilm|||&#8221;][\/vc_column_inner][vc_column_inner width=&#8221;1\/2&#8243;][vc_single_image image=&#8221;1818&#8243; img_size=&#8221;full&#8221;][\/vc_column_inner][\/vc_row_inner][vc_row_inner][vc_column_inner width=&#8221;1\/2&#8243;][vc_video link=&#8221;https:\/\/youtu.be\/kr1eTpULDck&#8221;][\/vc_column_inner][vc_column_inner width=&#8221;1\/2&#8243;][vc_video link=&#8221;https:\/\/youtu.be\/g3MoyAEbaQY&#8221;][\/vc_column_inner][\/vc_row_inner][\/vc_tta_section][vc_tta_section title=&#8221;&#8220;Der gelbe Weg&#8220; &#8221; tab_id=&#8221;1493838233003-dce94b40-656c&#8221;][vc_row_inner][vc_column_inner width=&#8221;1\/2&#8243;][vc_column_text]Bei diesem Kunstprojekt handelt es sich um eine Gemeinschaftsarbeit der go-Klassen 6b und 6c.<\/p>\n<p>Insgesamt 35 Sch\u00fcler bekamen den Auftrag ihre Zeichenbl\u00e4tter im Hochformat nebeneinander in einer langen Reihe zulegen.<\/p>\n<p>Danach zeichneten die Sch\u00fcler einen Weg auf ihr Blatt, der \u201enahtlos\u201c durch alle Zeichenbl\u00e4tter verl\u00e4uft.<\/p>\n<p>Zu beiden Seiten des Weges gestalten die Sch\u00fcler bunte Fantasieh\u00e4user sowie Pflanzen und B\u00e4ume.<\/p>\n<p>Als Anregung f\u00fcr ihre Fantasieh\u00e4user wurden den Sch\u00fclern Bilder von den K\u00fcnstlern James Rizzi und Friedensreich Hundertwasser gezeigt.<\/p>\n<p>Das Gesamtkunstwerk wird am &#8220;Tag der offenen T\u00fcr&#8221; pr\u00e4sentiert und sp\u00e4ter zur Versch\u00f6nerung&nbsp; im Schulgeb\u00e4ude aufgeh\u00e4ngt .[\/vc_column_text][vc_btn title=&#8221;Fotos&#8221; color=&#8221;orange&#8221; i_icon_fontawesome=&#8221;fa fa-picture-o&#8221; add_icon=&#8221;true&#8221; link=&#8221;url:http%3A%2F%2Ftalithakumi.ps%2Fschool%2Fkunst-fotos%2Fnggallery%2Fkunst-fotos%2FProjekt-Der-gelbe-Weg-mit-den-Klassen-6b-und-6c|||&#8221;][\/vc_column_inner][vc_column_inner width=&#8221;1\/2&#8243;][vc_single_image image=&#8221;1812&#8243; img_size=&#8221;full&#8221; alignment=&#8221;center&#8221;][\/vc_column_inner][\/vc_row_inner][\/vc_tta_section][vc_tta_section title=&#8221;Kunstprojekt &#8220;Elmar&#8220; in der 2c&#8221; tab_id=&#8221;1523985292779-21ae7919-c745&#8243;][vc_row_inner][vc_column_inner width=&#8221;1\/2&#8243;][vc_column_text]Elefanten sind alle grau! Nicht f\u00fcr die 2c unserer Talitha Kumi Schule. Es gibt Elmar und der ist bunt und kariert!<\/p>\n<p>Nach dem Kinderbuch &#8220;Elmar&#8221; von David McKee hat die Klasse 2c im Kunstunterricht zuerst viele verschiedene Muster kennengelernt.<\/p>\n<p>Im Anschluss wurde nach den lIlustrationen des Kinderbuches eine eigene Dschungellandschaft mit Oil Pastel entworfen.<\/p>\n<p>Als letztes wurde mit Buntstiften ein Elmar ausgemalt und ins Bild geklebt!<\/p>\n<p>Die Sch\u00fclerinnen und Sch\u00fcler hatten viel Spass an diesem Projekt und freuen sich schon auf das n\u00e4chste![\/vc_column_text][vc_btn title=&#8221;Fotos&#8221; color=&#8221;orange&#8221; i_icon_fontawesome=&#8221;fa fa-picture-o&#8221; add_icon=&#8221;true&#8221; link=&#8221;url:https%3A%2F%2Fwww.facebook.com%2Fmedia%2Fset%2F%3Fset%3Da.1724881350882568.1073741864.1449325678438138%26type%3D1%26l%3D241b1d41b3||target:%20_blank|&#8221;][\/vc_column_inner][vc_column_inner width=&#8221;1\/2&#8243;][vc_single_image image=&#8221;6634&#8243; img_size=&#8221;full&#8221; alignment=&#8221;center&#8221;][\/vc_column_inner][\/vc_row_inner][\/vc_tta_section][\/vc_tta_accordion][\/vc_column][\/vc_row][vc_row][vc_column][\/vc_column][\/vc_row]<\/p>\n<\/div>","protected":false},"excerpt":{"rendered":"<p>[vc_row content_placement=&#8221;top&#8221; u_row_style=&#8221;1&#8243; u_row_paralax=&#8221;0&#8243; u_row_scheme=&#8221;0&#8243;][vc_column][vc_custom_heading text=&#8221;Kunst &#8211; Information&#8221; font_container=&#8221;tag:h1|font_size:40|text_align:center&#8221; use_theme_fonts=&#8221;yes&#8221;][vc_empty_space][\/vc_column][\/vc_row][vc_row u_row_style=&#8221;0&#8243; u_row_paralax=&#8221;0&#8243; u_row_scheme=&#8221;0&#8243;][vc_column][vc_custom_heading text=&#8221;Aktuelles aus dem Kunstunterricht&#8221; font_container=&#8221;tag:h3|font_size:34|text_align:left&#8221; use_theme_fonts=&#8221;yes&#8221;][vc_row_inner][vc_column_inner][vc_custom_heading text=&#8221;Kunstbilder zum Thema &#8220;ich teile&#8230;.&#8220;&#8221; font_container=&#8221;tag:h3|font_size:30|text_align:left&#8221; use_theme_fonts=&#8221;yes&#8221; css=&#8221;.vc_custom_1593869375921{padding-top: 5px !important;padding-right: 5px !important;padding-bottom: 5px !important;padding-left: 5px !important;}&#8221;][vc_video link=&#8221;https:\/\/youtu.be\/6bMLH5xong0&#8243; el_width=&#8221;70&#8243; align=&#8221;center&#8221;][\/vc_column_inner][\/vc_row_inner][vc_row_inner][vc_column_inner][vc_custom_heading text=&#8221;Kunst in der Zeit des E-Learning&#8221; font_container=&#8221;tag:h3|font_size:26|text_align:left|color:%231e73be&#8221; use_theme_fonts=&#8221;yes&#8221; css=&#8221;.vc_custom_1590342272905{padding-top: 5px !important;padding-right: 5px !important;padding-bottom: 5px !important;padding-left: 5px !important;}&#8221;][vc_column_text]Die [&hellip;]<\/p>\n","protected":false},"author":2,"featured_media":0,"parent":0,"menu_order":0,"comment_status":"closed","ping_status":"closed","template":"page-templates\/demo-nav-3.php","meta":{"footnotes":""},"class_list":["post-1431","page","type-page","status-publish","hentry"],"_links":{"self":[{"href":"https:\/\/talithakumi.ps\/school\/wp-json\/wp\/v2\/pages\/1431","targetHints":{"allow":["GET"]}}],"collection":[{"href":"https:\/\/talithakumi.ps\/school\/wp-json\/wp\/v2\/pages"}],"about":[{"href":"https:\/\/talithakumi.ps\/school\/wp-json\/wp\/v2\/types\/page"}],"author":[{"embeddable":true,"href":"https:\/\/talithakumi.ps\/school\/wp-json\/wp\/v2\/users\/2"}],"replies":[{"embeddable":true,"href":"https:\/\/talithakumi.ps\/school\/wp-json\/wp\/v2\/comments?post=1431"}],"version-history":[{"count":7,"href":"https:\/\/talithakumi.ps\/school\/wp-json\/wp\/v2\/pages\/1431\/revisions"}],"predecessor-version":[{"id":9824,"href":"https:\/\/talithakumi.ps\/school\/wp-json\/wp\/v2\/pages\/1431\/revisions\/9824"}],"wp:attachment":[{"href":"https:\/\/talithakumi.ps\/school\/wp-json\/wp\/v2\/media?parent=1431"}],"curies":[{"name":"wp","href":"https:\/\/api.w.org\/{rel}","templated":true}]}}