{"id":1595,"date":"2017-05-12T20:56:45","date_gmt":"2017-05-12T20:56:45","guid":{"rendered":"http:\/\/talithakumi.ps\/school\/?page_id=1595"},"modified":"2024-09-15T11:04:09","modified_gmt":"2024-09-15T11:04:09","slug":"schulmaterial","status":"publish","type":"page","link":"https:\/\/talithakumi.ps\/school\/schulmaterial\/","title":{"rendered":"Schulmaterial"},"content":{"rendered":"<div class=\"wpb-content-wrapper\"><p>[vc_row u_row_style=&#8221;0&#8243; u_row_paralax=&#8221;0&#8243; u_row_scheme=&#8221;0&#8243;][vc_column][vc_custom_heading text=&#8221;Schulmaterial&#8221; font_container=&#8221;tag:h1|font_size:44|text_align:center&#8221; use_theme_fonts=&#8221;yes&#8221;][\/vc_column][\/vc_row][vc_row u_row_style=&#8221;0&#8243; u_row_paralax=&#8221;0&#8243; u_row_scheme=&#8221;0&#8243;][vc_column][\/vc_column][\/vc_row][vc_row equal_height=&#8221;yes&#8221; content_placement=&#8221;middle&#8221; u_row_style=&#8221;0&#8243; u_row_paralax=&#8221;0&#8243; u_row_scheme=&#8221;0&#8243;][vc_column width=&#8221;1\/2&#8243;][\/vc_column][vc_column width=&#8221;1\/2&#8243; css=&#8221;.vc_custom_1593502112588{background-color: #ffffff !important;}&#8221;][\/vc_column][\/vc_row][vc_row][vc_column][\/vc_column][\/vc_row][vc_row equal_height=&#8221;yes&#8221; content_placement=&#8221;middle&#8221; u_row_style=&#8221;0&#8243; u_row_paralax=&#8221;0&#8243; u_row_scheme=&#8221;0&#8243;][vc_column width=&#8221;1\/2&#8243;][\/vc_column][vc_column width=&#8221;1\/2&#8243; css=&#8221;.vc_custom_1593502112588{background-color: #ffffff !important;}&#8221;][\/vc_column][\/vc_row][vc_row][vc_column][vc_separator color=&#8221;sky&#8221; border_width=&#8221;5&#8243;][\/vc_column][\/vc_row][vc_row u_row_style=&#8221;0&#8243; u_row_paralax=&#8221;0&#8243; u_row_scheme=&#8221;0&#8243;][vc_column][vc_custom_heading text=&#8221;Die Schuluniform in Talitha Kumi&#8221; font_container=&#8221;tag:h2|font_size:34|text_align:center&#8221; use_theme_fonts=&#8221;yes&#8221; css=&#8221;.vc_custom_1662225613574{padding-top: 5px !important;padding-right: 5px !important;padding-bottom: 5px !important;padding-left: 5px !important;}&#8221;][\/vc_column][\/vc_row][vc_row][vc_column][vc_column_text]<\/p>\n<h3><span style=\"color: #333333\">In Talitha Kumi gilt folgende Schuluniform:<\/span><\/h3>\n<ul>\n<li>\n<h3><span style=\"color: #333333\"><strong>f\u00fcr die Klassen 1 \u2013 6 :<\/strong><\/span><\/h3>\n<ul>\n<li>\n<h3><span style=\"color: #333333\">Hose: blaue Trainingshose <em>ODER<\/em> graue Stoffhose <em>ODER<\/em> schwarze oder blaue normale JEANS <em>ODER<\/em> schwarze oder blaue Leinenhose<\/span><\/h3>\n<\/li>\n<li>\n<h3><span style=\"color: #333333\">Kurze Hose: blaue ODER graue ODER schwarze kurze Hose (vom Anfang des Schuljahres bis Ende September).<\/span><\/h3>\n<\/li>\n<li>\n<h3><span style=\"color: #333333\">Blaues T-Shirt \/ Blauer Pullover mit dem Logo von Talitha Kumi<\/span><\/h3>\n<\/li>\n<\/ul>\n<\/li>\n<\/ul>\n<h3>&nbsp;<\/h3>\n<ul>\n<li>\n<h3><span style=\"color: #333333\"><strong>f\u00fcr die Mittel \u2013 und Oberstufe (7 &#8211; 12):<\/strong><\/span><\/h3>\n<ul>\n<li>\n<h3><span style=\"color: #333333\">Hose: schwarze oder blaue normale JEANS ODER schwarze oder blaue Leinenhose ODER graue Stoffhose<\/span><\/h3>\n<\/li>\n<li>\n<h3><span style=\"color: #333333\">Blaues T-Shirt \/ Blauer Pullover mit dem Logo von Talitha Kumi<\/span><\/h3>\n<\/li>\n<li>\n<h3><span style=\"color: #333333\">Das Tragen einer kurzen Hose ist nur w\u00e4hrend des Sportunterrichts gestattet.<\/span><\/h3>\n<\/li>\n<\/ul>\n<\/li>\n<\/ul>\n<h3>&nbsp;<\/h3>\n<h3><span style=\"color: #333333\">Es ist nicht gestattet, andere Kleidung als die oben beschriebene zu tragen.&nbsp;Wir bitten Eltern und Sch\u00fclerinnen und Sch\u00fcler, sich an die Schuluniform in Talitha Kumi zu halten. Die nicht Einhaltung der Schuluniform gilt als Versto\u00df gegen die Schulordnung.<\/span><\/h3>\n<p>[\/vc_column_text][vc_btn title=&#8221;Schuluniform &#8221; style=&#8221;classic&#8221; color=&#8221;info&#8221; size=&#8221;lg&#8221; i_icon_fontawesome=&#8221;fa fa-download&#8221; add_icon=&#8221;true&#8221; link=&#8221;url:http%3A%2F%2Ftalithakumi.ps%2Fschool%2Fwp-content%2Fuploads%2Fsites%2F2%2F2017%2F04%2FSchuluniform-TK-NEU-Aug-24-de.pdf|title:Schuluniform%20|target:%20_blank|rel:nofollow&#8221;][vc_separator border_width=&#8221;2&#8243;][\/vc_column][\/vc_row][vc_row][vc_column][vc_custom_heading text=&#8221;Schuluniform \u2013 Preisliste&#8221; font_container=&#8221;tag:h3|font_size:26|text_align:left&#8221; use_theme_fonts=&#8221;yes&#8221;][vc_row_inner][vc_column_inner width=&#8221;1\/2&#8243;][vc_column_text]&nbsp;<\/p>\n<table width=\"709\">\n<tbody>\n<tr>\n<td width=\"236\"><strong>Uniform<\/strong><\/td>\n<td width=\"274\"><strong>Preis (NIS)<\/strong><\/td>\n<\/tr>\n<tr>\n<td width=\"236\"><strong>Pullover<\/strong><\/td>\n<td width=\"274\"><strong>50<\/strong><\/td>\n<\/tr>\n<tr>\n<td width=\"236\"><strong>Jacke<\/strong><\/td>\n<td width=\"274\"><strong>50<\/strong><\/td>\n<\/tr>\n<tr>\n<td width=\"236\"><strong>T-Shirt (neu)<\/strong><\/td>\n<td width=\"274\"><strong>45<\/strong><\/td>\n<\/tr>\n<tr>\n<td width=\"236\"><strong>T-Shirt \u2013 Kindergarten<\/strong><\/td>\n<td width=\"274\"><strong>2<\/strong><strong>5<\/strong><\/td>\n<\/tr>\n<tr>\n<td width=\"236\"><strong>Bluse \u2013 Kindergarten<\/strong><\/td>\n<td width=\"274\"><strong>25<\/strong><\/td>\n<\/tr>\n<\/tbody>\n<\/table>\n<p>&nbsp;[\/vc_column_text][vc_btn title=&#8221;Schuluniform &#8211; Preisliste&#8221; style=&#8221;3d&#8221; shape=&#8221;square&#8221; color=&#8221;violet&#8221; size=&#8221;lg&#8221; i_icon_fontawesome=&#8221;fa fa-download&#8221; add_icon=&#8221;true&#8221; link=&#8221;url:http%3A%2F%2Ftalithakumi.ps%2Fschool%2Fwp-content%2Fuploads%2Fsites%2F2%2F2017%2F04%2FSchuluniform-Preisliste-2024-2025-de-ar.pdf|title:Schuluniform%20|target:%20_blank|rel:nofollow&#8221;][\/vc_column_inner][vc_column_inner width=&#8221;1\/2&#8243;][vc_images_carousel images=&#8221;5059,5061,5063,5064&#8243; img_size=&#8221;full&#8221; mode=&#8221;vertical&#8221; speed=&#8221;4000&#8243; autoplay=&#8221;yes&#8221; hide_pagination_control=&#8221;yes&#8221; wrap=&#8221;yes&#8221;][\/vc_column_inner][\/vc_row_inner][\/vc_column][\/vc_row]<\/p>\n<\/div>","protected":false},"excerpt":{"rendered":"<p>[vc_row u_row_style=&#8221;0&#8243; u_row_paralax=&#8221;0&#8243; u_row_scheme=&#8221;0&#8243;][vc_column][vc_custom_heading text=&#8221;Schulmaterial&#8221; font_container=&#8221;tag:h1|font_size:44|text_align:center&#8221; use_theme_fonts=&#8221;yes&#8221;][\/vc_column][\/vc_row][vc_row u_row_style=&#8221;0&#8243; u_row_paralax=&#8221;0&#8243; u_row_scheme=&#8221;0&#8243;][vc_column][\/vc_column][\/vc_row][vc_row equal_height=&#8221;yes&#8221; content_placement=&#8221;middle&#8221; u_row_style=&#8221;0&#8243; u_row_paralax=&#8221;0&#8243; u_row_scheme=&#8221;0&#8243;][vc_column width=&#8221;1\/2&#8243;][\/vc_column][vc_column width=&#8221;1\/2&#8243; css=&#8221;.vc_custom_1593502112588{background-color: #ffffff !important;}&#8221;][\/vc_column][\/vc_row][vc_row][vc_column][\/vc_column][\/vc_row][vc_row equal_height=&#8221;yes&#8221; content_placement=&#8221;middle&#8221; u_row_style=&#8221;0&#8243; u_row_paralax=&#8221;0&#8243; u_row_scheme=&#8221;0&#8243;][vc_column width=&#8221;1\/2&#8243;][\/vc_column][vc_column width=&#8221;1\/2&#8243; css=&#8221;.vc_custom_1593502112588{background-color: #ffffff !important;}&#8221;][\/vc_column][\/vc_row][vc_row][vc_column][vc_separator color=&#8221;sky&#8221; border_width=&#8221;5&#8243;][\/vc_column][\/vc_row][vc_row u_row_style=&#8221;0&#8243; u_row_paralax=&#8221;0&#8243; u_row_scheme=&#8221;0&#8243;][vc_column][vc_custom_heading text=&#8221;Die Schuluniform in Talitha Kumi&#8221; font_container=&#8221;tag:h2|font_size:34|text_align:center&#8221; use_theme_fonts=&#8221;yes&#8221; css=&#8221;.vc_custom_1662225613574{padding-top: 5px !important;padding-right: 5px !important;padding-bottom: 5px !important;padding-left: 5px !important;}&#8221;][\/vc_column][\/vc_row][vc_row][vc_column][vc_column_text] In Talitha Kumi gilt [&hellip;]<\/p>\n","protected":false},"author":2,"featured_media":0,"parent":0,"menu_order":0,"comment_status":"closed","ping_status":"closed","template":"page-templates\/demo-nav-3.php","meta":{"footnotes":""},"class_list":["post-1595","page","type-page","status-publish","hentry"],"_links":{"self":[{"href":"https:\/\/talithakumi.ps\/school\/wp-json\/wp\/v2\/pages\/1595","targetHints":{"allow":["GET"]}}],"collection":[{"href":"https:\/\/talithakumi.ps\/school\/wp-json\/wp\/v2\/pages"}],"about":[{"href":"https:\/\/talithakumi.ps\/school\/wp-json\/wp\/v2\/types\/page"}],"author":[{"embeddable":true,"href":"https:\/\/talithakumi.ps\/school\/wp-json\/wp\/v2\/users\/2"}],"replies":[{"embeddable":true,"href":"https:\/\/talithakumi.ps\/school\/wp-json\/wp\/v2\/comments?post=1595"}],"version-history":[{"count":5,"href":"https:\/\/talithakumi.ps\/school\/wp-json\/wp\/v2\/pages\/1595\/revisions"}],"predecessor-version":[{"id":12911,"href":"https:\/\/talithakumi.ps\/school\/wp-json\/wp\/v2\/pages\/1595\/revisions\/12911"}],"wp:attachment":[{"href":"https:\/\/talithakumi.ps\/school\/wp-json\/wp\/v2\/media?parent=1595"}],"curies":[{"name":"wp","href":"https:\/\/api.w.org\/{rel}","templated":true}]}}