{"id":204,"date":"2017-04-13T07:28:10","date_gmt":"2017-04-13T07:28:10","guid":{"rendered":"http:\/\/www.switch.ps\/talitha\/school\/?page_id=204"},"modified":"2020-07-08T18:03:12","modified_gmt":"2020-07-08T18:03:12","slug":"tawjihi-zweig-studien-und-berufsberatung","status":"publish","type":"page","link":"https:\/\/talithakumi.ps\/school\/tawjihi-zweig-studien-und-berufsberatung\/","title":{"rendered":"Tawjihi-Zweig Studien- und Berufsberatung"},"content":{"rendered":"<div class=\"wpb-content-wrapper\"><p>[vc_row content_placement=&#8221;top&#8221; u_row_style=&#8221;0&#8243; u_row_paralax=&#8221;0&#8243; u_row_scheme=&#8221;0&#8243;][vc_column][vc_custom_heading text=&#8221;Tawjihi-Zweig: Studien- und Berufsberatung&#8221; font_container=&#8221;tag:h2|font_size:38|text_align:center&#8221; use_theme_fonts=&#8221;yes&#8221;][\/vc_column][\/vc_row][vc_row u_row_style=&#8221;0&#8243; u_row_paralax=&#8221;0&#8243; u_row_scheme=&#8221;0&#8243;][vc_column css=&#8221;.vc_custom_1594229420838{padding-top: 25px !important;padding-right: 25px !important;padding-bottom: 25px !important;padding-left: 25px !important;}&#8221;][vc_custom_heading text=&#8221;Berufsanleitung &#8211; und Beratungsprogram&#8221; font_container=&#8221;tag:h2|font_size:32|text_align:left&#8221; use_theme_fonts=&#8221;yes&#8221;][vc_column_text]Wir f\u00fchren dieses Program in unserer Schule f\u00fcr die Sch\u00fcler der Sekundarstufe in enger Kooperation mit dem zust\u00e4ndigen Sozialarbeiter durch. Wir beabsichtigen damit, den Sch\u00fclern der Oberstufen zu helfen, ihre F\u00e4higkeiten, Zuneigungen und Tendenzen rechtzeitig zu entdecken und den Arbeitsmarkt mit seinen Anforderungen und Bed\u00fcrfnissen nach den verschiedenen Berufen kennenzulernen,um die richtige Berufswahl zu treffen, sei es auf dem akademischen oder dem beruflichen Sektor, so da\u00df sie sich auf das Studium oder den Beruf fr\u00fchzeitig vorbereiten k\u00f6nnen. Damit liegen die Erfolgschancen, die Fortschritt- und Weiterentwicklungsm\u00f6glichkeiten in ihrem Beruf viel h\u00f6her.<\/p>\n<p><strong><u>Programmsschritte:<\/u><\/strong><\/p>\n<ul>\n<li>Aufkl\u00e4rungssitzungen \u00fcber das eigene \u201eich\u201c, damit der Sch\u00fcler sich selbst besser kennen-lernen kann, so z.B. durch mehr Wissen \u00fcber das eigene Vorbereitungsverm\u00f6gen, F\u00e4higkeiten und Zuneigungen. Ferner werden die Obersch\u00fcler aufgekl\u00e4rt \u00fcber die wichtigsten Sachverhalte, die mit der Auswahl des zuk\u00fcnftigen Berufes verbunden sind.<strong><u>&nbsp;&nbsp; <\/u><\/strong><\/li>\n<li>Besuche vor Ort zu veranstalten, um direkt Informationen \u00fcber den Arbeitsmarkt einzuholen. Dies geschieht auch durch Gespr\u00e4che mit den Praktikern dieser Berufe am Arbeitsplatz, um die Anforderungen des jeweiligen Berufes und die dazu erforderlichen F\u00e4higkeiten, Fertigkeiten und Erfolgsbedingungen kennenzulernen.<\/li>\n<li>D\u00fcrchf\u00fchrung von Bewertungstests mit dem fachkundigen Berufsberater, um den Sch\u00fclern zu helfen, den f\u00fcr sie passenden Beruf, oder das passende Studium, auszuw\u00e4hlen.<\/li>\n<li>Einladung von lokalen G\u00e4sten, die eventuell Vortr\u00e4ge oder Diskussionen \u00fcber ihre Berufe mit den Sch\u00fclern vornehmen. Sch\u00fcler erhalten damit detaillierte Auskunft \u00fcber ihre Anfragen.<\/li>\n<li>Besuche zu Universit\u00e4ten veranstalten, oder akademisches Personal einladen, so da\u00df die Sch\u00fcler die M\u00f6glichkeit haben, die an den Universit\u00e4ten vorhandenen Studienf\u00e4cher n\u00e4her kennenzulernen.<\/li>\n<\/ul>\n<p>[\/vc_column_text][\/vc_column][\/vc_row]<\/p>\n<\/div>","protected":false},"excerpt":{"rendered":"<p>[vc_row content_placement=&#8221;top&#8221; u_row_style=&#8221;0&#8243; u_row_paralax=&#8221;0&#8243; u_row_scheme=&#8221;0&#8243;][vc_column][vc_custom_heading text=&#8221;Tawjihi-Zweig: Studien- und Berufsberatung&#8221; font_container=&#8221;tag:h2|font_size:38|text_align:center&#8221; use_theme_fonts=&#8221;yes&#8221;][\/vc_column][\/vc_row][vc_row u_row_style=&#8221;0&#8243; u_row_paralax=&#8221;0&#8243; u_row_scheme=&#8221;0&#8243;][vc_column css=&#8221;.vc_custom_1594229420838{padding-top: 25px !important;padding-right: 25px !important;padding-bottom: 25px !important;padding-left: 25px !important;}&#8221;][vc_custom_heading text=&#8221;Berufsanleitung &#8211; und Beratungsprogram&#8221; font_container=&#8221;tag:h2|font_size:32|text_align:left&#8221; use_theme_fonts=&#8221;yes&#8221;][vc_column_text]Wir f\u00fchren dieses Program in unserer Schule f\u00fcr die Sch\u00fcler der Sekundarstufe in enger Kooperation mit dem zust\u00e4ndigen Sozialarbeiter durch. Wir beabsichtigen damit, den Sch\u00fclern der Oberstufen [&hellip;]<\/p>\n","protected":false},"author":2,"featured_media":0,"parent":0,"menu_order":0,"comment_status":"closed","ping_status":"closed","template":"page-templates\/demo-nav-3.php","meta":{"footnotes":""},"class_list":["post-204","page","type-page","status-publish","hentry"],"_links":{"self":[{"href":"https:\/\/talithakumi.ps\/school\/wp-json\/wp\/v2\/pages\/204","targetHints":{"allow":["GET"]}}],"collection":[{"href":"https:\/\/talithakumi.ps\/school\/wp-json\/wp\/v2\/pages"}],"about":[{"href":"https:\/\/talithakumi.ps\/school\/wp-json\/wp\/v2\/types\/page"}],"author":[{"embeddable":true,"href":"https:\/\/talithakumi.ps\/school\/wp-json\/wp\/v2\/users\/2"}],"replies":[{"embeddable":true,"href":"https:\/\/talithakumi.ps\/school\/wp-json\/wp\/v2\/comments?post=204"}],"version-history":[{"count":4,"href":"https:\/\/talithakumi.ps\/school\/wp-json\/wp\/v2\/pages\/204\/revisions"}],"predecessor-version":[{"id":9894,"href":"https:\/\/talithakumi.ps\/school\/wp-json\/wp\/v2\/pages\/204\/revisions\/9894"}],"wp:attachment":[{"href":"https:\/\/talithakumi.ps\/school\/wp-json\/wp\/v2\/media?parent=204"}],"curies":[{"name":"wp","href":"https:\/\/api.w.org\/{rel}","templated":true}]}}