{"id":210,"date":"2017-04-13T07:30:26","date_gmt":"2017-04-13T07:30:26","guid":{"rendered":"http:\/\/www.switch.ps\/talitha\/school\/?page_id=210"},"modified":"2024-09-13T06:36:30","modified_gmt":"2024-09-13T06:36:30","slug":"info-dia","status":"publish","type":"page","link":"https:\/\/talithakumi.ps\/school\/info-dia\/","title":{"rendered":"DIA-Zweig Information"},"content":{"rendered":"<div class=\"wpb-content-wrapper\"><p>[vc_row content_placement=&#8221;top&#8221; u_row_style=&#8221;0&#8243; u_row_paralax=&#8221;0&#8243; u_row_scheme=&#8221;0&#8243;][vc_column][vc_custom_heading text=&#8221;Informationen zum DIA-Zweig&#8221; font_container=&#8221;tag:h2|font_size:40|text_align:center&#8221; use_theme_fonts=&#8221;yes&#8221;][\/vc_column][\/vc_row][vc_row u_row_style=&#8221;0&#8243; u_row_paralax=&#8221;0&#8243; u_row_scheme=&#8221;0&#8243;][vc_column css=&#8221;.vc_custom_1594837185823{padding-top: 25px !important;padding-right: 25px !important;padding-bottom: 25px !important;padding-left: 25px !important;}&#8221;][vc_column_text]<\/p>\n<h4><span style=\"color: #000000\">Seit 2008 geh\u00f6rt Talitha Kumi zu den deutschen Auslandsschule (PASCH-Schulen). Seit 2013 bietet die Schule ihren Sch\u00fclerinnen und Sch\u00fclern die Internationale Deutsche Abiturpr\u00fcfung (DIA) als alternativen Schulabschluss zum nationalen Schulabschluss Tawjihi an und \u00f6ffnet damit neue T\u00fcren f\u00fcr ein Studium in Deutschland.<\/span><\/h4>\n<h4><span style=\"color: #000000\">Ab der 5. Klasse k\u00f6nnen die Sch\u00fclerinnen und Sch\u00fclern zwischen dem nationalen Curriculum (Tawjihi) und dem internationalen Curriculum (DIA) w\u00e4hlen.<\/span><\/h4>\n<h4><span style=\"color: #000000\">Das internationale Curriculum f\u00fchrt zum Abschluss \u201e<strong>D<\/strong>eutsche<strong> I<\/strong>nternationale<strong> A<\/strong>biturpr\u00fcfung<strong>\u201c (DIA)<\/strong>. Die DIA ist ein weltweit anerkannter Abschluss, mit dem man nicht nur in Pal\u00e4stina, sondern auch in Deutschland und anderen L\u00e4ndern studieren kann.<\/span><\/h4>\n<h4><span style=\"color: #000000\">Das DIA-System bietet den pal\u00e4stinensischen Sch\u00fclerinnen und Sch\u00fclern eine moderne und international anerkannte alternative zum nationalen Abschluss.<\/span><\/h4>\n<h4><span style=\"color: #000000\">Mit dem Abiturzeugnis der Deutschen Schule Talitha Kumi erhalten die Sch\u00fclerinnen und Sch\u00fcler die allgemeine Hochschulreife bescheinigt, die an Hochschulen in Deutschland den Zugang zu jedem Studium als Bildungsinl\u00e4nder vermittelt.<\/span><\/h4>\n<h4><span style=\"color: #000000\">An Hochschulen in Pal\u00e4stina wird das Abiturzeugnis der Deutschen Schule Talitha Kumi genau so unproblematisch anerkannt wie das Tawjihi-Zeugnis in Pal\u00e4stina. Wegen ihrer besonderen Kompetenzen, vor allem ihrer F\u00e4higkeiten in den Fremd- und Landessprachen, erhalten die Abiturientinnen und Abiturienten der Deutschen Schulen im Ausland in vielen L\u00e4ndern Erleichterungen beim Hochschulzugang oder Leistungspunkte gutgeschrieben.<\/span><\/h4>\n<p>[\/vc_column_text][\/vc_column][\/vc_row][vc_row][vc_column][\/vc_column][\/vc_row][vc_row][vc_column width=&#8221;1\/3&#8243;][vc_single_image image=&#8221;12311&#8243; img_size=&#8221;medium&#8221; add_caption=&#8221;yes&#8221; alignment=&#8221;right&#8221; style=&#8221;vc_box_shadow_3d&#8221; onclick=&#8221;link_image&#8221;][vc_custom_heading text=&#8221;Sekundarstufe I &#8221; font_container=&#8221;tag:h2|font_size:34|text_align:left&#8221; use_theme_fonts=&#8221;yes&#8221;][\/vc_column][vc_column width=&#8221;1\/3&#8243;][vc_single_image image=&#8221;12313&#8243; img_size=&#8221;medium&#8221; add_caption=&#8221;yes&#8221; alignment=&#8221;right&#8221; style=&#8221;vc_box_shadow_3d&#8221; onclick=&#8221;link_image&#8221;][\/vc_column][vc_column width=&#8221;1\/3&#8243;][vc_single_image image=&#8221;12312&#8243; img_size=&#8221;medium&#8221; add_caption=&#8221;yes&#8221; alignment=&#8221;right&#8221; style=&#8221;vc_box_shadow_3d&#8221; onclick=&#8221;link_image&#8221;][\/vc_column][\/vc_row][vc_row][vc_column][vc_column_text]<\/p>\n<h4><span style=\"color: #000000\">An deutschen Auslandsschulen schreiben alle Sch\u00fclerinnen und Sch\u00fcler des Gymnasiums in der Klasse 10 zentrale Klassenarbeiten in den F\u00e4chern Deutsch, Englisch und Mathematik.<\/span><\/h4>\n<h4><span style=\"color: #000000\">Diese Klassenarbeiten werden zentral aus Deutschland gestellt und ersetzen eine Klassenarbeit im zweiten Halbjahr. Der Stoff dieser Klassenarbeiten ist themen\u00fcbergreifend und entspricht einer Jahresabschlussarbeit. Die Noten dieser zentralen Arbeiten z\u00e4hlen 1\/3 der Gesamtjahresnote.<\/span><\/h4>\n<h4><span style=\"color: #000000\">Die Termine werden in Deutschland festgelegt und k\u00f6nnen daher nicht verschoben werden. Sie liegen meistens Ende Februar \u2013 Anfang M\u00e4rz.<\/span><\/h4>\n<h4><span style=\"color: #000000\">Die Klassenarbeiten dauern 135 Minuten. Wenn Aufgaben zur Auswahl stehen, verl\u00e4ngert sich die Dauer um 15 Minuten.<\/span><\/h4>\n<h4><span style=\"color: #000000\">Der Fachlehrer korrigiert diese Arbeiten und legt auch die Note fest, wobei der Erwartungshorizont und der Bewertungsma\u00dfstab vorgegeben sind.<\/span><\/h4>\n<h4><span style=\"color: #000000\"><strong>F\u00fcr die Aufgabenstellung gilt<\/strong>:<\/span><\/h4>\n<ol>\n<li>\n<h4><span style=\"color: #000000\"><strong>Deutsch:<\/strong> zwei Aufgaben werden zur Wahl vorgelegt. Mindestens eine Aufgabe ist textgebunden.<\/span><\/h4>\n<\/li>\n<li>\n<h4><span style=\"color: #000000\"><strong>Mathematik: <\/strong>es wird eine Aufgabe vorgelegt.<\/span><\/h4>\n<\/li>\n<li>\n<h4><span style=\"color: #000000\"><strong>Englisch: <\/strong>es wird eine Aufgabe vorgelegt.<\/span><\/h4>\n<\/li>\n<\/ol>\n<h4><span style=\"color: #000000\">Weitere Informationen zu Inhalten und Pr\u00fcfungsanforderungen, findet man im Internet unter:<\/span><\/h4>\n<h4><span style=\"color: #800000\"><a style=\"color: #800000\" href=\"https:\/\/www.kmk.org\/themen\/auslandsschulen\/bildungsgaenge-und-abschluesse\/abschluesse-der-sekundarstufe-i.html\"><span style=\"color: #0000ff\">https:\/\/www.kmk.org\/themen\/auslandsschulen\/bildungsgaenge-und-abschluesse\/abschluesse-der-sekundarstufe-i.html<\/span><\/a><\/span><\/h4>\n<p>[\/vc_column_text][\/vc_column][\/vc_row]<\/p>\n<\/div>","protected":false},"excerpt":{"rendered":"<p>[vc_row content_placement=&#8221;top&#8221; u_row_style=&#8221;0&#8243; u_row_paralax=&#8221;0&#8243; u_row_scheme=&#8221;0&#8243;][vc_column][vc_custom_heading text=&#8221;Informationen zum DIA-Zweig&#8221; font_container=&#8221;tag:h2|font_size:40|text_align:center&#8221; use_theme_fonts=&#8221;yes&#8221;][\/vc_column][\/vc_row][vc_row u_row_style=&#8221;0&#8243; u_row_paralax=&#8221;0&#8243; u_row_scheme=&#8221;0&#8243;][vc_column css=&#8221;.vc_custom_1594837185823{padding-top: 25px !important;padding-right: 25px !important;padding-bottom: 25px !important;padding-left: 25px !important;}&#8221;][vc_column_text] Seit 2008 geh\u00f6rt Talitha Kumi zu den deutschen Auslandsschule (PASCH-Schulen). Seit 2013 bietet die Schule ihren Sch\u00fclerinnen und Sch\u00fclern die Internationale Deutsche Abiturpr\u00fcfung (DIA) als alternativen Schulabschluss zum nationalen Schulabschluss Tawjihi an und [&hellip;]<\/p>\n","protected":false},"author":2,"featured_media":0,"parent":0,"menu_order":0,"comment_status":"closed","ping_status":"closed","template":"page-templates\/demo-nav-3.php","meta":{"footnotes":""},"class_list":["post-210","page","type-page","status-publish","hentry"],"_links":{"self":[{"href":"https:\/\/talithakumi.ps\/school\/wp-json\/wp\/v2\/pages\/210","targetHints":{"allow":["GET"]}}],"collection":[{"href":"https:\/\/talithakumi.ps\/school\/wp-json\/wp\/v2\/pages"}],"about":[{"href":"https:\/\/talithakumi.ps\/school\/wp-json\/wp\/v2\/types\/page"}],"author":[{"embeddable":true,"href":"https:\/\/talithakumi.ps\/school\/wp-json\/wp\/v2\/users\/2"}],"replies":[{"embeddable":true,"href":"https:\/\/talithakumi.ps\/school\/wp-json\/wp\/v2\/comments?post=210"}],"version-history":[{"count":5,"href":"https:\/\/talithakumi.ps\/school\/wp-json\/wp\/v2\/pages\/210\/revisions"}],"predecessor-version":[{"id":12868,"href":"https:\/\/talithakumi.ps\/school\/wp-json\/wp\/v2\/pages\/210\/revisions\/12868"}],"wp:attachment":[{"href":"https:\/\/talithakumi.ps\/school\/wp-json\/wp\/v2\/media?parent=210"}],"curies":[{"name":"wp","href":"https:\/\/api.w.org\/{rel}","templated":true}]}}