{"id":252,"date":"2017-04-13T08:28:06","date_gmt":"2017-04-13T08:28:06","guid":{"rendered":"http:\/\/www.switch.ps\/talitha\/school\/?page_id=252"},"modified":"2017-05-20T06:08:27","modified_gmt":"2017-05-20T06:08:27","slug":"sport-information","status":"publish","type":"page","link":"https:\/\/talithakumi.ps\/school\/sport-information\/","title":{"rendered":"Sport &#8211; Information"},"content":{"rendered":"<div class=\"wpb-content-wrapper\"><p>[vc_row content_placement=&#8221;top&#8221; u_row_style=&#8221;0&#8243; u_row_paralax=&#8221;0&#8243; u_row_scheme=&#8221;0&#8243;][vc_column][vc_custom_heading text=&#8221;Information&#8221; font_container=&#8221;tag:h2|font_size:35|text_align:center|color:%237f0909&#8243; use_theme_fonts=&#8221;yes&#8221;][\/vc_column][\/vc_row][vc_row u_row_style=&#8221;0&#8243; u_row_paralax=&#8221;0&#8243; u_row_scheme=&#8221;0&#8243;][vc_column width=&#8221;2\/3&#8243; css=&#8221;.vc_custom_1494655194023{padding-top: 25px !important;padding-right: 25px !important;padding-bottom: 25px !important;padding-left: 25px !important;background-color: #f9f9e0 !important;}&#8221;][vc_custom_heading text=&#8221;Sportaktivit\u00e4ten in Talitha Kumi&#8221; use_theme_fonts=&#8221;yes&#8221;][vc_column_text]Talitha Kumi z\u00e4hlt zu den besonderen Schulen nicht nur auf Bethlehem\u2019s Ebene, sondern auf der Ebene des ganzen Landes , weil sie mit allem was modern und fortschrittlich ist, in der Ausbildung und im Unterricht, Schritt h\u00e4lt. Ferner hat die Schule viele gro\u00dfe M\u00f6glichkeiten hinsichtlich Sportger\u00e4te und Ausr\u00fcstung sowie einer eigenen Sporthalle nebst qualifizierten Lehrern.<\/p>\n<p>[\/vc_column_text][vc_empty_space][\/vc_column][vc_column width=&#8221;1\/3&#8243; css=&#8221;.vc_custom_1494655202024{padding-top: 25px !important;padding-right: 25px !important;padding-bottom: 25px !important;padding-left: 25px !important;background-color: #f9f9e0 !important;}&#8221;][vc_single_image image=&#8221;1496&#8243; img_size=&#8221;full&#8221; alignment=&#8221;center&#8221; onclick=&#8221;link_image&#8221;][\/vc_column][\/vc_row][vc_row][vc_column width=&#8221;2\/3&#8243;][vc_custom_heading text=&#8221;Sportaktivit\u00e4t zum Tag des pal\u00e4stinensischen Lehrers&#8221; font_container=&#8221;tag:h2|text_align:left|color:%23ffffff&#8221; use_theme_fonts=&#8221;yes&#8221; css=&#8221;.vc_custom_1493897432932{padding-top: 5px !important;padding-right: 5px !important;padding-bottom: 5px !important;padding-left: 5px !important;background-color: #7f0909 !important;}&#8221;][vc_column_text]In unserer Sporthalle fand am 14.12.2016 das j\u00e4hrliche Volleyballturnier der Lehrer der lutherischen Schulen anl\u00e4\u00dflich des Tages des pal\u00e4stinensischen Lehrers statt. Ein Tag sp\u00e4ter, am Donnerstag, dem 15.12.2016, wurde ein \u00e4hnliches Volleyballturnier zum gleichen Anla\u00df in Beit Sahour, an dem Lehrer privater Schulen beteiligt waren, vorgetragen.[\/vc_column_text][\/vc_column][vc_column width=&#8221;1\/3&#8243;][vc_images_carousel images=&#8221;5053,5054,5055,5056&#8243; img_size=&#8221;full&#8221; autoplay=&#8221;yes&#8221; wrap=&#8221;yes&#8221;][\/vc_column][\/vc_row][vc_row][vc_column width=&#8221;2\/3&#8243;][vc_custom_heading text=&#8221;5-Km Marathonlauf um die Stadt Beit Jala&#8221; font_container=&#8221;tag:h2|text_align:left|color:%23ffffff&#8221; use_theme_fonts=&#8221;yes&#8221; css=&#8221;.vc_custom_1493897447526{padding-top: 5px !important;padding-right: 5px !important;padding-bottom: 5px !important;padding-left: 5px !important;background-color: #7f0909 !important;}&#8221;][vc_column_text]Am 17.11.2016 nahm unsere Schule am 5-Km Marathonlauf um die Stadt Beit Jala unter Beteiligung von Beit Jala Jugendzentrum und einer gro\u00dfen Anzahl von verschiedenen lokalen Einrichtungen und Organisationen teil. Neun Sch\u00fclerinnen unserer Schule errangen die ersten Pl\u00e4tze und drei Sch\u00fcler haben gut abgeschnitten in diesem Marathon.[\/vc_column_text][\/vc_column][vc_column width=&#8221;1\/3&#8243;][vc_single_image image=&#8221;1504&#8243; img_size=&#8221;full&#8221; onclick=&#8221;link_image&#8221;][\/vc_column][\/vc_row][vc_row][vc_column width=&#8221;2\/3&#8243;][vc_custom_heading text=&#8221;Schwimmturnier in Qatar&#8221; font_container=&#8221;tag:h2|text_align:left|color:%23ffffff&#8221; use_theme_fonts=&#8221;yes&#8221; css=&#8221;.vc_custom_1493897456366{padding-top: 5px !important;padding-right: 5px !important;padding-bottom: 5px !important;padding-left: 5px !important;background-color: #7f0909 !important;}&#8221;][vc_column_text]Auf einem internationalen Schwimmturnier in Qatar, an dem 30 L\u00e4nder teilgenommen haben, gewann unsere Sch\u00fclerin, Dania Nour, die unser Land Pal\u00e4stina vertreten hat, drei Medaillen.[\/vc_column_text][\/vc_column][vc_column width=&#8221;1\/3&#8243;][vc_single_image image=&#8221;1502&#8243; img_size=&#8221;full&#8221; onclick=&#8221;link_image&#8221;][\/vc_column][\/vc_row][vc_row][vc_column width=&#8221;2\/3&#8243;][vc_custom_heading text=&#8221;Sportfest Mai 2015&#8243; font_container=&#8221;tag:h2|text_align:left|color:%23ffffff&#8221; use_theme_fonts=&#8221;yes&#8221; css=&#8221;.vc_custom_1493897466726{padding-top: 5px !important;padding-right: 5px !important;padding-bottom: 5px !important;padding-left: 5px !important;background-color: #7f0909 !important;}&#8221;][vc_column_text]Den H\u00f6hepunkt der sportlichen Aktivit\u00e4ten des Schuljahres 2015\/2016 bot das gro\u00dfe Sportfest an diesem Tag mit 500 Wettbewerbsteilnehmer\/innen aus s\u00e4mtlichen Klassen. Unter den von den zahlreichen Zuschauern und offiziellen G\u00e4sten hoch bejubelten und bewunderten Darbietungen waren Turnen, Pyramidenformationen, Wettlaufen, Gymnastik, Folklore, Dabkeht\u00e4nze u.v.m., die von musikalischen Variationen begleitet wurden.[\/vc_column_text][\/vc_column][vc_column width=&#8221;1\/3&#8243;][vc_gallery interval=&#8221;10&#8243; images=&#8221;1499,1500&#8243; img_size=&#8221;full&#8221;][\/vc_column][\/vc_row]<\/p>\n<\/div>","protected":false},"excerpt":{"rendered":"<p>[vc_row content_placement=&#8221;top&#8221; u_row_style=&#8221;0&#8243; u_row_paralax=&#8221;0&#8243; u_row_scheme=&#8221;0&#8243;][vc_column][vc_custom_heading text=&#8221;Information&#8221; font_container=&#8221;tag:h2|font_size:35|text_align:center|color:%237f0909&#8243; use_theme_fonts=&#8221;yes&#8221;][\/vc_column][\/vc_row][vc_row u_row_style=&#8221;0&#8243; u_row_paralax=&#8221;0&#8243; u_row_scheme=&#8221;0&#8243;][vc_column width=&#8221;2\/3&#8243; css=&#8221;.vc_custom_1494655194023{padding-top: 25px !important;padding-right: 25px !important;padding-bottom: 25px !important;padding-left: 25px !important;background-color: #f9f9e0 !important;}&#8221;][vc_custom_heading text=&#8221;Sportaktivit\u00e4ten in Talitha Kumi&#8221; use_theme_fonts=&#8221;yes&#8221;][vc_column_text]Talitha Kumi z\u00e4hlt zu den besonderen Schulen nicht nur auf Bethlehem\u2019s Ebene, sondern auf der Ebene des ganzen Landes , weil sie mit allem was modern und fortschrittlich [&hellip;]<\/p>\n","protected":false},"author":2,"featured_media":0,"parent":0,"menu_order":0,"comment_status":"closed","ping_status":"closed","template":"page-templates\/demo-nav-3.php","meta":{"footnotes":""},"class_list":["post-252","page","type-page","status-publish","hentry"],"_links":{"self":[{"href":"https:\/\/talithakumi.ps\/school\/wp-json\/wp\/v2\/pages\/252","targetHints":{"allow":["GET"]}}],"collection":[{"href":"https:\/\/talithakumi.ps\/school\/wp-json\/wp\/v2\/pages"}],"about":[{"href":"https:\/\/talithakumi.ps\/school\/wp-json\/wp\/v2\/types\/page"}],"author":[{"embeddable":true,"href":"https:\/\/talithakumi.ps\/school\/wp-json\/wp\/v2\/users\/2"}],"replies":[{"embeddable":true,"href":"https:\/\/talithakumi.ps\/school\/wp-json\/wp\/v2\/comments?post=252"}],"version-history":[{"count":5,"href":"https:\/\/talithakumi.ps\/school\/wp-json\/wp\/v2\/pages\/252\/revisions"}],"predecessor-version":[{"id":5058,"href":"https:\/\/talithakumi.ps\/school\/wp-json\/wp\/v2\/pages\/252\/revisions\/5058"}],"wp:attachment":[{"href":"https:\/\/talithakumi.ps\/school\/wp-json\/wp\/v2\/media?parent=252"}],"curies":[{"name":"wp","href":"https:\/\/api.w.org\/{rel}","templated":true}]}}