{"id":256,"date":"2017-04-13T08:32:40","date_gmt":"2017-04-13T08:32:40","guid":{"rendered":"http:\/\/www.switch.ps\/talitha\/school\/?page_id=256"},"modified":"2017-05-22T11:58:02","modified_gmt":"2017-05-22T11:58:02","slug":"sport-turniere","status":"publish","type":"page","link":"https:\/\/talithakumi.ps\/school\/sport-turniere\/","title":{"rendered":"Sport &#8211; Turniere"},"content":{"rendered":"<div class=\"wpb-content-wrapper\"><p>[vc_row][vc_column][vc_custom_heading text=&#8221;Sport &#8211; Turniere&#8221; font_container=&#8221;tag:h2|font_size:35|text_align:center|color:%237f0909&#8243; use_theme_fonts=&#8221;yes&#8221;][\/vc_column][\/vc_row][vc_row][vc_column width=&#8221;1\/2&#8243;][vc_custom_heading text=&#8221;Fu\u00dfballturnier in Beit Jala&#8221; font_container=&#8221;tag:h2|text_align:left|color:%23ffffff&#8221; use_theme_fonts=&#8221;yes&#8221; css=&#8221;.vc_custom_1495453841105{padding-top: 5px !important;padding-right: 5px !important;padding-bottom: 5px !important;padding-left: 5px !important;background-color: #7f0909 !important;}&#8221;][vc_column_text]Zum Tag der Erde fand am 01.04.2017 unter Beteiligung von 5 privaten Schulen aus Beit Jala ein Fu\u00dfballturnier auf dem Sportplatz der Hope school in Beit Jala statt.<\/p>\n<p>Die Fu\u00dfballmannschaft von Talitha Kumi gewann den zweiten Platz.[\/vc_column_text][\/vc_column][vc_column width=&#8221;1\/2&#8243;][vc_single_image image=&#8221;5370&#8243; img_size=&#8221;full&#8221;][\/vc_column][\/vc_row][vc_row][vc_column][vc_custom_heading text=&#8221;Fu\u00dfballturnier am 04.03.2016&#8243; font_container=&#8221;tag:h2|text_align:left|color:%23ffffff&#8221; use_theme_fonts=&#8221;yes&#8221; css=&#8221;.vc_custom_1495081537442{padding-top: 5px !important;padding-right: 5px !important;padding-bottom: 5px !important;padding-left: 5px !important;background-color: #7f0909 !important;}&#8221;][vc_column_text]<\/p>\n<p>Der Fu\u00dfballturnier der \u00e4lteren Talitha Kumi Sch\u00fclerinnen unter Beteiligung von sieben Privatschulen der Bethlehem\u2019s Region und der Schirmherrschaft der Diar-Einrichtung, wobei Talitha Kumi den ersten Platz errungen hat.[\/vc_column_text][vc_custom_heading text=&#8221;Fu\u00dfballturnier der Sch\u00fcler\/innen der Mittelstufe an den lutherischen Schulen.&#8221; font_container=&#8221;tag:h2|text_align:left|color:%23ffffff&#8221; use_theme_fonts=&#8221;yes&#8221; css=&#8221;.vc_custom_1495081603020{padding-top: 5px !important;padding-right: 5px !important;padding-bottom: 5px !important;padding-left: 5px !important;background-color: #7f0909 !important;}&#8221;][vc_column_text]Am 19.02.2016 fand in der lustherischen Dar Al-Kalima Schule einen Fu\u00dfballturnier der Sch\u00fcler\/innen der Mittelstufe an den lutherischen Schulen statt. Die Jungenmannschaft von Talitha Kumi errang den zweiten Platz und die M\u00e4dchen den ersten Platz.[\/vc_column_text][vc_custom_heading text=&#8221;Sportsaktivit\u00e4ten der Unabh\u00e4ngigkeitswoche.&#8221; font_container=&#8221;tag:h2|text_align:left|color:%23ffffff&#8221; use_theme_fonts=&#8221;yes&#8221; css=&#8221;.vc_custom_1495081651070{padding-top: 5px !important;padding-right: 5px !important;padding-bottom: 5px !important;padding-left: 5px !important;background-color: #7f0909 !important;}&#8221;][vc_column_text]Unter der Schirmherrschaft der Beit Jala Stadtverwaltung fand November 2015 Sportsaktivit\u00e4ten der Unabh\u00e4ngigkeitswoche. Unsere Obersch\u00fcler gewannen den ersten Preis im Basketballturnier f\u00fcr Jugendliche.[\/vc_column_text][vc_custom_heading text=&#8221;Fu\u00dfballwettbewerb der lutherischen Schulen in Beit Sahour.&#8221; font_container=&#8221;tag:h2|text_align:left|color:%23ffffff&#8221; use_theme_fonts=&#8221;yes&#8221; css=&#8221;.vc_custom_1495081678091{padding-top: 5px !important;padding-right: 5px !important;padding-bottom: 5px !important;padding-left: 5px !important;background-color: #7f0909 !important;}&#8221;][vc_column_text]Talitha Kumi hat am 13.11.2015 an dem Fu\u00dfballwettbewerb der lutherischen Schulen in Beit Sahour teilgenommen und erlangte den zweiten Platz.<\/p>\n<p>[\/vc_column_text][\/vc_column][\/vc_row]<\/p>\n<\/div>","protected":false},"excerpt":{"rendered":"<p>[vc_row][vc_column][vc_custom_heading text=&#8221;Sport &#8211; Turniere&#8221; font_container=&#8221;tag:h2|font_size:35|text_align:center|color:%237f0909&#8243; use_theme_fonts=&#8221;yes&#8221;][\/vc_column][\/vc_row][vc_row][vc_column width=&#8221;1\/2&#8243;][vc_custom_heading text=&#8221;Fu\u00dfballturnier in Beit Jala&#8221; font_container=&#8221;tag:h2|text_align:left|color:%23ffffff&#8221; use_theme_fonts=&#8221;yes&#8221; css=&#8221;.vc_custom_1495453841105{padding-top: 5px !important;padding-right: 5px !important;padding-bottom: 5px !important;padding-left: 5px !important;background-color: #7f0909 !important;}&#8221;][vc_column_text]Zum Tag der Erde fand am 01.04.2017 unter Beteiligung von 5 privaten Schulen aus Beit Jala ein Fu\u00dfballturnier auf dem Sportplatz der Hope school in Beit Jala statt. Die Fu\u00dfballmannschaft von Talitha [&hellip;]<\/p>\n","protected":false},"author":2,"featured_media":0,"parent":0,"menu_order":0,"comment_status":"closed","ping_status":"closed","template":"page-templates\/demo-nav-3.php","meta":{"footnotes":""},"class_list":["post-256","page","type-page","status-publish","hentry"],"_links":{"self":[{"href":"https:\/\/talithakumi.ps\/school\/wp-json\/wp\/v2\/pages\/256","targetHints":{"allow":["GET"]}}],"collection":[{"href":"https:\/\/talithakumi.ps\/school\/wp-json\/wp\/v2\/pages"}],"about":[{"href":"https:\/\/talithakumi.ps\/school\/wp-json\/wp\/v2\/types\/page"}],"author":[{"embeddable":true,"href":"https:\/\/talithakumi.ps\/school\/wp-json\/wp\/v2\/users\/2"}],"replies":[{"embeddable":true,"href":"https:\/\/talithakumi.ps\/school\/wp-json\/wp\/v2\/comments?post=256"}],"version-history":[{"count":5,"href":"https:\/\/talithakumi.ps\/school\/wp-json\/wp\/v2\/pages\/256\/revisions"}],"predecessor-version":[{"id":5379,"href":"https:\/\/talithakumi.ps\/school\/wp-json\/wp\/v2\/pages\/256\/revisions\/5379"}],"wp:attachment":[{"href":"https:\/\/talithakumi.ps\/school\/wp-json\/wp\/v2\/media?parent=256"}],"curies":[{"name":"wp","href":"https:\/\/api.w.org\/{rel}","templated":true}]}}