{"id":283,"date":"2017-04-13T08:53:38","date_gmt":"2017-04-13T08:53:38","guid":{"rendered":"http:\/\/www.switch.ps\/talitha\/school\/?page_id=283"},"modified":"2017-05-22T12:11:07","modified_gmt":"2017-05-22T12:11:07","slug":"programme-wettbewerbe-talent-wettbewerb","status":"publish","type":"page","link":"https:\/\/talithakumi.ps\/school\/programme-wettbewerbe-talent-wettbewerb\/","title":{"rendered":"Programme &#8211; Wettbewerbe &#8211; Talent &#8211; Wettbewerb"},"content":{"rendered":"<div class=\"wpb-content-wrapper\"><p>[vc_row content_placement=&#8221;top&#8221; u_row_style=&#8221;0&#8243; u_row_paralax=&#8221;0&#8243; u_row_scheme=&#8221;0&#8243;][vc_column][vc_custom_heading text=&#8221;Extra-Curriculum: Talent &#8211; Wettbewerb&#8221; font_container=&#8221;tag:h2|font_size:35|text_align:center|color:%237f0909&#8243; use_theme_fonts=&#8221;yes&#8221;][\/vc_column][\/vc_row][vc_row u_row_style=&#8221;0&#8243; u_row_paralax=&#8221;0&#8243; u_row_scheme=&#8221;0&#8243;][vc_column width=&#8221;1\/2&#8243; css=&#8221;.vc_custom_1494655521759{padding-top: 25px !important;padding-right: 25px !important;padding-bottom: 25px !important;padding-left: 25px !important;background-color: #f9f9e0 !important;}&#8221;][vc_custom_heading text=&#8221;Talent-Wettbewerb&#8221; font_container=&#8221;tag:h2|text_align:left|color:%23ffffff&#8221; use_theme_fonts=&#8221;yes&#8221; css=&#8221;.vc_custom_1495080057981{padding-top: 5px !important;padding-right: 5px !important;padding-bottom: 5px !important;padding-left: 5px !important;background-color: #7f0909 !important;}&#8221;][vc_column_text]Im Rahmen der au\u00dferschulischen Aktivit\u00e4ten in unserer Schule, hat ein Komitee von Lehrern in Talitha Kumi einen Wettbewerb f\u00fcr die Sch\u00fcler unter dem Namen \u201cTalents of TK\u201d organisiert.<\/p>\n<p>Die Sch\u00fcler konnten sich f\u00fcr den Wettbewerb anmelden, um ihre Talente zu zeigen. Mehr als 60 Sch\u00fcler haben sich angemeldet. Der Wettbewerb hat das ganze Schuljahr 2015\/2016 gedauert. 10 Sch\u00fcler haben sich f\u00fcr das Finale qualifiziert. In einer feierlichen Zeremonie haben die Finalisten ihre Beitr\u00e4ge pr\u00e4sentiert. Am Ende wurden die Gewinner der ersten 3 Pl\u00e4tze ermittelt und mit Preisgeldern belohnt.[\/vc_column_text][\/vc_column][vc_column width=&#8221;1\/2&#8243; css=&#8221;.vc_custom_1494655527310{padding-top: 25px !important;padding-right: 25px !important;padding-bottom: 25px !important;padding-left: 25px !important;background-color: #f9f9e0 !important;}&#8221;][vc_single_image image=&#8221;1845&#8243; img_size=&#8221;full&#8221; alignment=&#8221;center&#8221; onclick=&#8221;link_image&#8221;][vc_btn title=&#8221;Wettbewerb&#8221; shape=&#8221;square&#8221; color=&#8221;orange&#8221; i_icon_fontawesome=&#8221;fa fa-picture-o&#8221; add_icon=&#8221;true&#8221; link=&#8221;url:http%3A%2F%2Ftalithakumi.ps%2Fschool%2Fschule-fotos%2Fnggallery%2Fgeneral%2FTalent-Wettbewerb-2016|||&#8221;][\/vc_column][\/vc_row]<\/p>\n<\/div>","protected":false},"excerpt":{"rendered":"<p>[vc_row content_placement=&#8221;top&#8221; u_row_style=&#8221;0&#8243; u_row_paralax=&#8221;0&#8243; u_row_scheme=&#8221;0&#8243;][vc_column][vc_custom_heading text=&#8221;Extra-Curriculum: Talent &#8211; Wettbewerb&#8221; font_container=&#8221;tag:h2|font_size:35|text_align:center|color:%237f0909&#8243; use_theme_fonts=&#8221;yes&#8221;][\/vc_column][\/vc_row][vc_row u_row_style=&#8221;0&#8243; u_row_paralax=&#8221;0&#8243; u_row_scheme=&#8221;0&#8243;][vc_column width=&#8221;1\/2&#8243; css=&#8221;.vc_custom_1494655521759{padding-top: 25px !important;padding-right: 25px !important;padding-bottom: 25px !important;padding-left: 25px !important;background-color: #f9f9e0 !important;}&#8221;][vc_custom_heading text=&#8221;Talent-Wettbewerb&#8221; font_container=&#8221;tag:h2|text_align:left|color:%23ffffff&#8221; use_theme_fonts=&#8221;yes&#8221; css=&#8221;.vc_custom_1495080057981{padding-top: 5px !important;padding-right: 5px !important;padding-bottom: 5px !important;padding-left: 5px !important;background-color: #7f0909 !important;}&#8221;][vc_column_text]Im Rahmen der au\u00dferschulischen Aktivit\u00e4ten in unserer Schule, hat ein Komitee von Lehrern in Talitha Kumi [&hellip;]<\/p>\n","protected":false},"author":2,"featured_media":0,"parent":0,"menu_order":0,"comment_status":"closed","ping_status":"closed","template":"page-templates\/demo-nav-3.php","meta":{"footnotes":""},"class_list":["post-283","page","type-page","status-publish","hentry"],"_links":{"self":[{"href":"https:\/\/talithakumi.ps\/school\/wp-json\/wp\/v2\/pages\/283","targetHints":{"allow":["GET"]}}],"collection":[{"href":"https:\/\/talithakumi.ps\/school\/wp-json\/wp\/v2\/pages"}],"about":[{"href":"https:\/\/talithakumi.ps\/school\/wp-json\/wp\/v2\/types\/page"}],"author":[{"embeddable":true,"href":"https:\/\/talithakumi.ps\/school\/wp-json\/wp\/v2\/users\/2"}],"replies":[{"embeddable":true,"href":"https:\/\/talithakumi.ps\/school\/wp-json\/wp\/v2\/comments?post=283"}],"version-history":[{"count":5,"href":"https:\/\/talithakumi.ps\/school\/wp-json\/wp\/v2\/pages\/283\/revisions"}],"predecessor-version":[{"id":5386,"href":"https:\/\/talithakumi.ps\/school\/wp-json\/wp\/v2\/pages\/283\/revisions\/5386"}],"wp:attachment":[{"href":"https:\/\/talithakumi.ps\/school\/wp-json\/wp\/v2\/media?parent=283"}],"curies":[{"name":"wp","href":"https:\/\/api.w.org\/{rel}","templated":true}]}}