{"id":431,"date":"2017-04-14T09:19:24","date_gmt":"2017-04-14T09:19:24","guid":{"rendered":"http:\/\/www.switch.ps\/talitha\/school\/?page_id=431"},"modified":"2020-07-16T15:50:28","modified_gmt":"2020-07-16T15:50:28","slug":"leseinsel-deutsche-bibliothek-bibliothekstunde","status":"publish","type":"page","link":"https:\/\/talithakumi.ps\/school\/leseinsel-deutsche-bibliothek-bibliothekstunde\/","title":{"rendered":"Leseinsel \u2013 Deutsche Bibliothek &#8211; Bibliothekstunde"},"content":{"rendered":"<div class=\"wpb-content-wrapper\"><p>[vc_row content_placement=&#8221;top&#8221; u_row_style=&#8221;0&#8243; u_row_paralax=&#8221;0&#8243; u_row_scheme=&#8221;0&#8243;][vc_column][vc_custom_heading text=&#8221;Leseinsel-Bibliotheksstunde&#8221; font_container=&#8221;tag:h2|font_size:40|text_align:center&#8221; use_theme_fonts=&#8221;yes&#8221;][\/vc_column][\/vc_row][vc_row u_row_style=&#8221;0&#8243; u_row_paralax=&#8221;0&#8243; u_row_scheme=&#8221;0&#8243;][vc_column css=&#8221;.vc_custom_1594913970920{padding-top: 25px !important;padding-right: 25px !important;padding-bottom: 25px !important;padding-left: 25px !important;}&#8221;][vc_custom_heading text=&#8221;&#8220;Bibliothek&#8220; als Unterrichtsfach&#8221; font_container=&#8221;tag:h2|font_size:34|text_align:left&#8221; use_theme_fonts=&#8221;yes&#8221; css=&#8221;.vc_custom_1594914240757{padding-top: 5px !important;padding-right: 5px !important;padding-bottom: 5px !important;padding-left: 5px !important;}&#8221;][vc_single_image image=&#8221;1309&#8243; img_size=&#8221;550&#215;450&#8243; add_caption=&#8221;yes&#8221; style=&#8221;vc_box_shadow_border_circle&#8221;][vc_column_text]Seit 2014 wird in Talitha Kumi das Unterrichtsfach &#8220;Bibliothek&#8221; angeboten.<\/p>\n<p>Sie wurde eingef\u00fchrt um die Sprachkompetenz der Sch\u00fcler zu unterst\u00fctzen und zu f\u00f6rdern.<\/p>\n<p>Die Leseinsel wird regelm\u00e4\u00dfig im Unterricht von verschiedenen Schulf\u00e4chern (z.B.: Deutsch, Geschichte, Erdkunde, Kunst, Musik) genutzt.<\/p>\n<p>Im Rahmen des Deutschunterrichtes arbeiten die Fachlehrkr\u00e4fte mit der Bibliothekarin zusammen und halten den Unterricht in der Leseinsel ab.<\/p>\n<p>Die Klassen 2 bis 5, sowie die go-Klassen 6b, 6c, die DIAP-Klassen 7,8,9,10 und die Tawjihi Klasse10a\/b besuchen einmal bzw. 2 mal pro Woche die Leseinsel.<\/p>\n<p>Vom Kindergarten und Klasse 1 wird die Bibliothek nach Absprache genutzt.<\/p>\n<p>Es ist t\u00e4glich m\u00f6glich, Unterrichtsstunden in der Bibliothek abzuhalten.<\/p>\n<p><strong>Im Rahmen des Unterrichtes lernen die Sch\u00fcler der Grundschule<\/strong><strong>:<\/strong><\/p>\n<ul>\n<li>Wie verhalte ich mich in einer Bibliothek?<\/li>\n<li>Wie ist eine Bibliothek aufgebaut?<\/li>\n<li>Wo finde ich welche B\u00fccher?<\/li>\n<li>Wie finde ich das richtige Buch f\u00fcr mich?<\/li>\n<li>Wie kann ich ein Buch ausleihen?<\/li>\n<\/ul>\n<p>Weiter f\u00f6rdern Vorf\u00fchrungen von Bilderbuchkinos und kleine Leseprojekte die Motivation der Sch\u00fcler zum Lesen.<\/p>\n<p><strong>Im Rahmen des Unterrichtes lernen die Sch\u00fcler der Sekundarstufen:<\/strong><\/p>\n<ul>\n<li>die systematische Recherche im Bestand und in externen Quellen<\/li>\n<li>die Beurteilung der Suchergebnisse nach Glaubw\u00fcrdigkeit und Brauchbarkeit<\/li>\n<li>die Strukturierung und Einordnung der ermittelten Informationen<\/li>\n<li>die verst\u00e4ndliche und einpr\u00e4gsame Weitergabe des Wissens an andere.<\/li>\n<\/ul>\n<p>[ngg src=&#8221;galleries&#8221; ids=&#8221;19&#8243; display=&#8221;basic_thumbnail&#8221; thumbnail_crop=&#8221;0&#8243;][\/vc_column_text][\/vc_column][\/vc_row]<\/p>\n<p>[vc_row][vc_column][vc_custom_heading text=&#8221;Projekte&#8221; font_container=&#8221;tag:h2|font_size:34|text_align:left&#8221; use_theme_fonts=&#8221;yes&#8221; css=&#8221;.vc_custom_1594914578746{padding-top: 10px !important;padding-right: 10px !important;padding-bottom: 10px !important;padding-left: 10px !important;}&#8221;][vc_tta_accordion shape=&#8221;square&#8221; color=&#8221;violet&#8221; gap=&#8221;10&#8243; c_icon=&#8221;chevron&#8221; active_section=&#8221;0&#8243; collapsible_all=&#8221;true&#8221;][vc_tta_section title=&#8221;Kannst du deine Schuhe binden?&#8221; tab_id=&#8221;1493640772588-df1e8a84-4b32&#8243;][vc_row_inner][vc_column_inner width=&#8221;1\/2&#8243;][vc_column_text]In der Grundschule sieht man immer wieder Sch\u00fcler mit offenen Schn\u00fcrsenkel.<\/p>\n<p>Wenn man ihnen die Frage stellt:&#8221;Kannst du deine Schuhe binden?, dann wird nur mit dem Kopf gesch\u00fcttelt und der offene Schuh entgegen gestreckt!<\/p>\n<p>Das Schuhe binden ist eine grosse Herausforderung. Die Kinder m\u00fcssen sich konzentrieren, die Bewegung der Finger und beider Arme koordinieren und sich noch dazu merken, in welcher Reihenfolge das Ganze \u00fcberhaupt funktioniert.<\/p>\n<p>So entstand die Idee zum Bibliotheksprojekt &#8220;Wir k\u00f6nnen unsere Schuhe allein binden&#8221;!<\/p>\n<p>In der Bibliotheksstunde f\u00fcr die zweiten Klassen wurde das Buch &#8220;Die vertauschten Schuhe&#8221; von Hanneliese Schulze als Bilderbuchkino vorgestellt.<\/p>\n<p>Die Geschichte handelt von einen Jungen, der seine Schuhe nicht richtig anziehen kann. Wie gut, dass er seine Freundin Merle hat, die wei\u00df wie es richtig geht.<\/p>\n<p>Danach malt jeder Sch\u00fcler mit Hilfe einer Vorlage seinen eigenen Schuh aus und bringt einen Schn\u00fcrsenkel von zu Hause mit.<\/p>\n<p>Der Schuh wird auf eine feste Pappe geklebt, ausgeschnitten und mit L\u00f6chern f\u00fcr den Schn\u00fcrsenkel versehen.<\/p>\n<p>Nach einem kleinen Film und das Erlernen eines Merkspruches konnte flei\u00dfig ge\u00fcbt werden!<\/p>\n<p>Allen Kindern und der Bibliothekarin hat es riesigen Spa\u00df gemacht.<\/p>\n<p>Am Ende gingen alle Sch\u00fcler mit ihrem Schuh stolz nach Hause.<\/p>\n<p>Schuhe binden ist eine F\u00e4higkeit die man, wenn sie mal gelernt ist, nicht wieder vergisst.[\/vc_column_text][\/vc_column_inner][vc_column_inner width=&#8221;1\/2&#8243;][vc_single_image image=&#8221;1328&#8243; img_size=&#8221;full&#8221; onclick=&#8221;link_image&#8221;][vc_btn title=&#8221;Fotos&#8221; color=&#8221;orange&#8221; i_icon_fontawesome=&#8221;fa fa-picture-o&#8221; add_icon=&#8221;true&#8221; link=&#8221;url:http%3A%2F%2Ftalithakumi.ps%2Fschool%2Fdeutsche-bibliothek-fotos%2Fnggallery%2Fdeutsche-bibliothek%2FProjekt&#8211;Kannst-du-deine-Schuhe-binden-Mit-den-Klassen-2a-2b-2c|||&#8221;][\/vc_column_inner][\/vc_row_inner][\/vc_tta_section][\/vc_tta_accordion][\/vc_column][\/vc_row]<\/p>\n<\/div>","protected":false},"excerpt":{"rendered":"<p>[vc_row content_placement=&#8221;top&#8221; u_row_style=&#8221;0&#8243; u_row_paralax=&#8221;0&#8243; u_row_scheme=&#8221;0&#8243;][vc_column][vc_custom_heading text=&#8221;Leseinsel-Bibliotheksstunde&#8221; font_container=&#8221;tag:h2|font_size:40|text_align:center&#8221; use_theme_fonts=&#8221;yes&#8221;][\/vc_column][\/vc_row][vc_row u_row_style=&#8221;0&#8243; u_row_paralax=&#8221;0&#8243; u_row_scheme=&#8221;0&#8243;][vc_column css=&#8221;.vc_custom_1594913970920{padding-top: 25px !important;padding-right: 25px !important;padding-bottom: 25px !important;padding-left: 25px !important;}&#8221;][vc_custom_heading text=&#8221;&#8220;Bibliothek&#8220; als Unterrichtsfach&#8221; font_container=&#8221;tag:h2|font_size:34|text_align:left&#8221; use_theme_fonts=&#8221;yes&#8221; css=&#8221;.vc_custom_1594914240757{padding-top: 5px !important;padding-right: 5px !important;padding-bottom: 5px !important;padding-left: 5px !important;}&#8221;][vc_single_image image=&#8221;1309&#8243; img_size=&#8221;550&#215;450&#8243; add_caption=&#8221;yes&#8221; style=&#8221;vc_box_shadow_border_circle&#8221;][vc_column_text]Seit 2014 wird in Talitha Kumi das Unterrichtsfach &#8220;Bibliothek&#8221; angeboten. Sie wurde eingef\u00fchrt um die Sprachkompetenz der Sch\u00fcler [&hellip;]<\/p>\n","protected":false},"author":2,"featured_media":0,"parent":0,"menu_order":0,"comment_status":"closed","ping_status":"closed","template":"page-templates\/demo-nav-3.php","meta":{"footnotes":""},"class_list":["post-431","page","type-page","status-publish","hentry"],"_links":{"self":[{"href":"https:\/\/talithakumi.ps\/school\/wp-json\/wp\/v2\/pages\/431","targetHints":{"allow":["GET"]}}],"collection":[{"href":"https:\/\/talithakumi.ps\/school\/wp-json\/wp\/v2\/pages"}],"about":[{"href":"https:\/\/talithakumi.ps\/school\/wp-json\/wp\/v2\/types\/page"}],"author":[{"embeddable":true,"href":"https:\/\/talithakumi.ps\/school\/wp-json\/wp\/v2\/users\/2"}],"replies":[{"embeddable":true,"href":"https:\/\/talithakumi.ps\/school\/wp-json\/wp\/v2\/comments?post=431"}],"version-history":[{"count":6,"href":"https:\/\/talithakumi.ps\/school\/wp-json\/wp\/v2\/pages\/431\/revisions"}],"predecessor-version":[{"id":9936,"href":"https:\/\/talithakumi.ps\/school\/wp-json\/wp\/v2\/pages\/431\/revisions\/9936"}],"wp:attachment":[{"href":"https:\/\/talithakumi.ps\/school\/wp-json\/wp\/v2\/media?parent=431"}],"curies":[{"name":"wp","href":"https:\/\/api.w.org\/{rel}","templated":true}]}}