{"id":5714,"date":"2017-07-22T13:25:59","date_gmt":"2017-07-22T13:25:59","guid":{"rendered":"http:\/\/talithakumi.ps\/school\/?page_id=5714"},"modified":"2023-04-07T15:58:22","modified_gmt":"2023-04-07T15:58:22","slug":"schultrager","status":"publish","type":"page","link":"https:\/\/talithakumi.ps\/school\/schultrager\/","title":{"rendered":"Schultr\u00e4ger"},"content":{"rendered":"<div class=\"wpb-content-wrapper\"><p>[vc_row][vc_column][vc_custom_heading text=&#8221;Schultr\u00e4ger &#8211; BMW&#8221; font_container=&#8221;tag:h2|font_size:35|text_align:center|color:%230ec4f2&#8243; use_theme_fonts=&#8221;yes&#8221;][vc_single_image image=&#8221;10817&#8243; img_size=&#8221;large&#8221; add_caption=&#8221;yes&#8221; alignment=&#8221;center&#8221; onclick=&#8221;custom_link&#8221; img_link_target=&#8221;_blank&#8221; link=&#8221;https:\/\/www.berliner-missionswerk.de\/&#8221;][vc_column_text]<\/p>\n<h4><span style=\"color: #000000\">Schultr\u00e4ger von Talitha Kumi ist das <span style=\"color: #0000ff\"><a style=\"color: #0000ff\" href=\"http:\/\/www.berliner-missionswerk.de\/\" target=\"_blank\" rel=\"noopener\">Berliner Missionswerk<\/a><\/span>. Gegr\u00fcndet wurde Talitha Kumi allerdings 1851 von Diakonieschwestern aus dem rheinischen Kaiserswerth. Bis 1974 pr\u00e4gten die Diakonissen \u2013 zun\u00e4chst in Jerusalem, sp\u00e4ter in Beit Jala \u2013 die Arbeit dieser Einrichtung, die immer zugleich Schule und doch auch ein Zuhause war und ist. Noch heute sprechen \u00e4ltere ehemalige Sch\u00fclerinnen voller Ehrfurcht und Anerkennung von den \u201eSchwestern\u201c.<\/span><\/h4>\n<h4><span style=\"color: #000000\">Aus verschiedenen Gr\u00fcnden wurde diese traditions- und erfolgreiche Bildungsarbeit dann an das Berliner Missionswerk \u00fcbergeben. Dieses Werk kann auf eine \u00fcber 190 Jahre lange Geschichte zur\u00fcckblicken. Urspr\u00fcnglich waren dabei S\u00fcdafrika, Tansania und China die Regionen, in denen man sich engagierte. Typisch f\u00fcr die Arbeit ist dabei die Trias aus Kirche, Schule und Krankenhaus: Die Missionare k\u00fcmmerten sich um das seelische und k\u00f6rperliche Heil der Menschen, aber auch die Bildung geh\u00f6rte mit zum christlichen Grundverst\u00e4ndnis. Dieser Akzent spielt bis heute in der Arbeit des Missionswerkes eine deutliche Rolle.<\/span><\/h4>\n<h4><span style=\"color: #000000\">Das Missionswerk wird von f\u00fcnf Organisationen getragen: der Evangelischen Kirche Berlin \u2013 Brandenburg \u2013 schlesische Oberlausitz, der Evangelischen Landeskirche Anhalt, dem Jerusalemsverein, der Deutschen Ostasienmission und der Union Evangelischer Kirchen. Den beiden Landeskirchen dient das Werk zugleich als \u00d6kumeneabteilung.<\/span><\/h4>\n<h4><span style=\"color: #000000\">Das Berliner Missionswerk ist mit \u00fcber 15 Partnerkirchen weltweit verbunden: von Kuba bis Japan, von Schweden bis S\u00fcdafrika. Und fast wie im \u201eFadenkreuz\u201c dieser Beziehungen steht die <span style=\"color: #0000ff\"><a style=\"color: #0000ff\" href=\"https:\/\/www.elcjhl.org\/de\/\" target=\"_blank\" rel=\"noopener\">Evangelisch-Lutherische Kirche in Jordanien und im Heiligen Land (ELCJHL)<\/a><\/span>, mit der Talitha Kumi auf das Engste verbunden ist: Die \u201eM\u00fctter\u201c dieser seit 1959 selbst\u00e4ndigen Kirche kamen aus Talitha Kumi. Talitha Kumi geh\u00f6rt heute zum Netzwerk der lutherischen Schulen im Heiligen Land.<\/span><\/h4>\n<h4><span style=\"color: #000000\">Durch Talitha Kumi und den <span style=\"color: #0000ff\"><a style=\"color: #0000ff\" href=\"https:\/\/www.jerusalemsverein.de\/\" target=\"_blank\" rel=\"noopener\">Jerusalemsverein<\/a><\/span> hat sich die Arbeit im Heiligen Land zu einem der Schwerpunkte der Arbeit des Missionswerkes entwickelt. Talitha Kumi geh\u00f6rt zu den wenigen verbliebenen Einrichtungen, mit denen das Werk selbst in einem der Partnerl\u00e4nder aktiv ist. Mit Talitha Kumi leistet das Berliner Missionswerk ein erg\u00e4nzendes Angebot zur \u201eBildungslandschaft\u201c im Heiligen Land. Talitha Kumi wirkt impulsgebend in die Gesellschaft und bietet Alternativen im Bereich des Lernens und Lehrens an.<\/span><\/h4>\n<h4><span style=\"color: #000000\"><strong>Berliner Missionswerk<\/strong><\/span><br \/>\n<span style=\"color: #000000\">Georgenkirchstra\u00dfe 69\/70<\/span><br \/>\n<span style=\"color: #000000\">10249 Berlin &#8211; Deutschland<\/span><br \/>\n<span style=\"color: #000000\">Telefon:+49 (0)30 24344 \u2013 123<\/span><br \/>\n<span style=\"color: #000000\">Telefax: +49 (0)30 24344 \u2013 124<\/span><br \/>\n<span style=\"color: #000000\">E-Mail: <a style=\"color: #000000\" href=\"mailto:bmw@berliner-missionswerk.de\">bmw@berliner-missionswerk.de<\/a>&nbsp;<\/span><\/h4>\n<h4><span style=\"color: #000000\">Das Berliner Missionswerk ist eine K\u00f6rperschaft des \u00d6ffentlichen Rechts. Es wird vertreten durch ihren Direktor Dr. Christof Theilemann.<\/span><\/h4>\n<p>[\/vc_column_text][\/vc_column][\/vc_row]<\/p>\n<\/div>","protected":false},"excerpt":{"rendered":"<p>[vc_row][vc_column][vc_custom_heading text=&#8221;Schultr\u00e4ger &#8211; BMW&#8221; font_container=&#8221;tag:h2|font_size:35|text_align:center|color:%230ec4f2&#8243; use_theme_fonts=&#8221;yes&#8221;][vc_single_image image=&#8221;10817&#8243; img_size=&#8221;large&#8221; add_caption=&#8221;yes&#8221; alignment=&#8221;center&#8221; onclick=&#8221;custom_link&#8221; img_link_target=&#8221;_blank&#8221; link=&#8221;https:\/\/www.berliner-missionswerk.de\/&#8221;][vc_column_text] Schultr\u00e4ger von Talitha Kumi ist das Berliner Missionswerk. Gegr\u00fcndet wurde Talitha Kumi allerdings 1851 von Diakonieschwestern aus dem rheinischen Kaiserswerth. Bis 1974 pr\u00e4gten die Diakonissen \u2013 zun\u00e4chst in Jerusalem, sp\u00e4ter in Beit Jala \u2013 die Arbeit dieser Einrichtung, die immer zugleich Schule [&hellip;]<\/p>\n","protected":false},"author":3,"featured_media":0,"parent":0,"menu_order":0,"comment_status":"closed","ping_status":"closed","template":"page-templates\/demo-nav-3.php","meta":{"footnotes":""},"class_list":["post-5714","page","type-page","status-publish","hentry"],"_links":{"self":[{"href":"https:\/\/talithakumi.ps\/school\/wp-json\/wp\/v2\/pages\/5714","targetHints":{"allow":["GET"]}}],"collection":[{"href":"https:\/\/talithakumi.ps\/school\/wp-json\/wp\/v2\/pages"}],"about":[{"href":"https:\/\/talithakumi.ps\/school\/wp-json\/wp\/v2\/types\/page"}],"author":[{"embeddable":true,"href":"https:\/\/talithakumi.ps\/school\/wp-json\/wp\/v2\/users\/3"}],"replies":[{"embeddable":true,"href":"https:\/\/talithakumi.ps\/school\/wp-json\/wp\/v2\/comments?post=5714"}],"version-history":[{"count":5,"href":"https:\/\/talithakumi.ps\/school\/wp-json\/wp\/v2\/pages\/5714\/revisions"}],"predecessor-version":[{"id":12255,"href":"https:\/\/talithakumi.ps\/school\/wp-json\/wp\/v2\/pages\/5714\/revisions\/12255"}],"wp:attachment":[{"href":"https:\/\/talithakumi.ps\/school\/wp-json\/wp\/v2\/media?parent=5714"}],"curies":[{"name":"wp","href":"https:\/\/api.w.org\/{rel}","templated":true}]}}