{"id":9598,"date":"2020-04-21T08:23:09","date_gmt":"2020-04-21T08:23:09","guid":{"rendered":"http:\/\/talithakumi.ps\/school\/?page_id=9598"},"modified":"2022-05-09T18:51:13","modified_gmt":"2022-05-09T18:51:13","slug":"musik-aktuell","status":"publish","type":"page","link":"https:\/\/talithakumi.ps\/school\/musik-aktuell\/","title":{"rendered":"Musik-Aktuell"},"content":{"rendered":"<div class=\"wpb-content-wrapper\"><p>[vc_row 0=&#8221;&#8221;][vc_column 0=&#8221;&#8221;][vc_custom_heading text=&#8221;Musik &#8211; Aktuell&#8221; font_container=&#8221;tag:h2|font_size:40|text_align:center&#8221; use_theme_fonts=&#8221;yes&#8221;][vc_separator border_width=&#8221;3&#8243;][vc_custom_heading text=&#8221;TALITHA IDOL 2022 &#8211; YOUR CLASS SONG WILL WIN!&#8221; font_container=&#8221;tag:h2|font_size:36|text_align:left|color:%231e73be&#8221; google_fonts=&#8221;font_family:ABeeZee%3Aregular%2Citalic|font_style:400%20italic%3A400%3Aitalic&#8221;][vc_column_text 0=&#8221;&#8221;]<\/p>\n<h3><strong><em>Class- Song Competition in Talitha Kumi<\/em><\/strong><\/h3>\n<h3><strong><em>A festival of music, encounter, exchange and \u201cunlimited music\u201d<br \/>\nDie Klasse 4d ist unser Talitha Idol 2022 \u2013 MABRUK!<\/em><\/strong><\/h3>\n<p>&nbsp;<\/p>\n<p>Am Samstag, den 07.05.2022 kamen Sch\u00fcler:innen aus Ramallah, Beit Sahour, Bethlehem und Beit Jala zum Talitha Idol Wettbewerb. \u201eHeute soll es um die Musik gehen. Den ganzen Tag in Talitha Kumi im Wettbewerb der besten Klassen miteinander. Mitmachen ist dabei alles,\u201c so Schulleiter M. Wolf in der Morgenandacht und wei\u00df wie Martin Luther um den Geschenkcharakter und die Wirkung des Singens auf den Menschen.&nbsp;<\/p>\n<p>&nbsp;<\/p>\n<p>Etwa 300 Sch\u00fcler:innen von der School of Hope Ramallah, der Dar Al Kalima Schule in Bethlehem, der Bethlehem Evangelical Academy (Guest Class), der Evangelisch-Lutherischen Schule in Beit Sahour und unserer Schule Talitha Kumi nehmen bei der Ausrichtung des 3. Talitha Idol Wettbewerbs teil.<\/p>\n<p>&nbsp;<\/p>\n<p>Das Singen deutschsprachiger und arabischer Lieder im Klassenverband stand im Mittelpunkt, bei dem neben dem Wettbewerbsgedanken vor allem der Begegnungscharakter im Vordergrund stehen. Eine internationale Jury um die pal. Musiker Jiries Boullata, Ramzi Shomali, Wassim Quassis und&nbsp; Songwriterin Anabelle Twal (Schweiz), Schulmusikstudentin Maria Keller (Deutschland), Christiane Nittka (stellvertretende Schulleiterin in TK), Elke Glatzel (DaF) freuten sich \u00fcber einen besonderen Tag, den die Fachschaft Musik lange plante. Das Talitha Kumi G\u00e4stehaus sorgte mit Pizza, Getr\u00e4nken und Obst f\u00fcr das leibliche Wohl der G\u00e4ste und unser sch\u00f6ner Rosengarten f\u00fcr eine lauschig-freundliche Atmosph\u00e4re der Begegnung und des Austausches in der Pause.<\/p>\n<p>&nbsp;<\/p>\n<p>In der schulinternen Vorrunde lieferten sich die Klassen 11DIA, 9DIA, 8a, 7DIA, 4c, 5Go und 4d ein Kopf \u2013 an Kopfrennen.<\/p>\n<p>Die Entscheidung der Jury zur Weiterleitung in den \u00fcberregionalen Wettbewerbsteil 2 fiel nicht leicht.<\/p>\n<p>&nbsp;<\/p>\n<p><strong>Gewinner der schulinternen Vorrunde:<\/strong><\/p>\n<p>Die Klassen 11DIA, 8a und 4d von Talitha Kumi<\/p>\n<p>&nbsp;<\/p>\n<p><strong>Talitha Idol &#8211; Finale<\/strong><\/p>\n<ol start=\"3\">\n<li>Preis Evangelisch-lutherischen Schule in Beit Sahour, Klasse 7 und<\/li>\n<\/ol>\n<p>&nbsp;&nbsp;&nbsp;&nbsp;&nbsp;&nbsp;&nbsp;&nbsp;&nbsp; &nbsp;&nbsp;&nbsp;&nbsp; Evangelisch \u2013Lutherische Schule Talitha Kumi, Klasse 8a (Tawjihi)<\/p>\n<ol start=\"2\">\n<li>Preis: Bethlehem Evangelical Academy (Guest Class 7) (Preisgeld 150 NIS)<\/li>\n<li>Preis: Talitha Kumi, Klasse 4d (Preisgeld 200 NIS)<\/li>\n<\/ol>\n<p>&nbsp;<\/p>\n<p><strong>SONDERPREIS \u2013 DUO VOKALENSEMBLE<\/strong><\/p>\n<p>Neben dem gemeinschaftlichen Singen soll auch das zweistimmige Singen weiter gef\u00f6rdert werden. Von der evangelisch-lutherischen Schule School of Hope traten zwei Teams (Amro Rabi and Adel Madhi, Class 9 and Mayar Fai Eid, Ruweina Mashalale, Nara Qaqnada) neben unserem Talitha Kumi Vokalensemble Miral Najajreh (9DIA) und Ali Salah (7DIA) an, was uns sehr freute.<\/p>\n<p>&nbsp;<\/p>\n<ol>\n<li><strong> Preis: Miral Najajreh (Klasse 9DIA) und Ali Salah (7DIA). <\/strong><\/li>\n<\/ol>\n<p>Sie \u00fcberzeugten mit Peter Schindlers \u201eEin kleines Huhn fliegt um die Welt und Camille Lunens \u201eDer Schnupfen\u201c nach einem Gedicht von Christian Morgenstern. Ali und Miral erhalten ein Preisgeld von 100NIS.<\/p>\n<p>&nbsp;<\/p>\n<p>Wir danken:<\/p>\n<p>Allen unterst\u00fctzenden Kolleginnen und Kollegen, dem Talitha Kumi G\u00e4stehaus, insbesondere den Sch\u00fcler:innen und ihren Musik- und Deutschlehrer:innen und deren Coaches aus allen teilnehmenden Schulen, die diesen Wettbewerb vorbereiteten,<\/p>\n<p>der Jury und dem Berliner Missionswerk, welches diesen Wettbewerb wohlwollend und finanziell unterst\u00fctzend f\u00f6rderte.[\/vc_column_text][vc_gallery type=&#8221;image_grid&#8221; images=&#8221;11632,11633,11634,11635,11636,11637,11638,11639,11640,11641,11642,11643,11644,11645,11646,11647,11648,11649,11650,11651,11652,11653,11654,11655,11656,11657,11658,11659,11660,11661,11662,11663,11664,11665,11666,11667,11668,11669,11670,11671,11672,11673,11674,11675,11676,11677,11678,11679,11680,11681,11682,11683,11684,11685,11686,11687,11688,11689,11690,11691,11692,11693,11694,11695,11696,11697,11698&#8243;][vc_separator border_width=&#8221;3&#8243;][vc_custom_heading text=&#8221;Jugend musiziert 2022<br \/>\nEin deutscher, internationaler Musikwettbewerb in Talitha Kumi&#8221; font_container=&#8221;tag:h2|font_size:36|text_align:left|color:%231e73be&#8221; google_fonts=&#8221;font_family:ABeeZee%3Aregular%2Citalic|font_style:400%20italic%3A400%3Aitalic&#8221;][vc_column_text 0=&#8221;&#8221;]Am Freitag, den 21.01.22 waren die Sch\u00fcler:innen Talitha Kumis eingeladen an einem der renommiertesten Musikwettbewerbe teilzunehmen. In verschiedenen Kategorien<br \/>\n(Violine, Schlagzeug, Gesang, Vokalensemble, Gitarre, Bl\u00e4serensemble, Akkordeon, Klavier Kammermusik, \u2026)&nbsp; k\u00f6nnen junge Menschen ihr musikalisches K\u00f6nnen und Talent, Kreativit\u00e4t wie Musizier- und Spielfreude unter Beweis stellen.<\/p>\n<p>F\u00fcr viele ist dieser Wettbewerb ein Sprungbrett in eine musikalische Karriere.&nbsp;<br \/>\nWir erfreuen uns \u00fcber wachsende Beliebtheit in unserer Sch\u00fclerschaft an diesem Musikwettbewerb, neue Kooperationen und die tollen Erfolge unserer Sch\u00fcler:innen.<br \/>\nVielen unserer Sch\u00fcler:innen gelang mit 23-35 Punkten die Weiterleitung zum Landeswettbewerb in Kairo im M\u00e4rz 2022.<\/p>\n<p>Wir freuen uns, dass wir an diesem besonderen Wettbewerb teilnehmen und tolle Preise zur Ermutigung unserer Sch\u00fcler:innen verteilen d\u00fcrfen. Wir gratulieren!<\/p>\n<p>Ein kleines Huhn fliegt um die Welt,<\/p>\n<p>es braucht kein Auto und kein Geld<\/p>\n<p>und immer, wenn es hungrig ist,<\/p>\n<p>dann legt es sich ein Ei.<\/p>\n<p>Die Welt zu sehen so hei\u00dft sein Ziel,<\/p>\n<p>daf\u00fcr ist keine M\u00fch zu viel \u2026<\/p>\n<p><em>Text und Musik Peter Schindler<\/em><\/p>\n<p>Leichtigkeit, Unbek\u00fcmmertheit, Fernweh und Reiselust \u2026 davon sangen Ali Salah (7DIA) und Miral Najajreh, die in der Kategorie \u201eVokalensemble\u201c antraten. Wer sehnt sich danach? Ali und Miral \u00fcberzeugten durch Charme, Stimmsicherheit und Wohlklang der Stimme.<br \/>\nDas erste Mal erklang eine zweistimmige Darbietung in den Musikr\u00e4umen Talitha Kumis w\u00e4hrend eines der renommiertesten deutschen internationalen Musikwettbewerbe. Obendrein freuen wir uns, dass ein \u201ekleines geistliches Konzert\u201c, SWV 317 von Heinrich Sch\u00fctz nach einem Text aus dem Lukasevangelium (Lk. 5,5): Meister, wir haben die ganze Nacht gearbeitet, SWV 317 erklang und ein zweistimmiges zeitgen\u00f6ssisches Werk aus der Feder Camille van Lunens nach einem Text von Christian Morgenstern \u201eDer Schnupfen\u201c, zu einem abwechslungsreichen Programm beitrug. .<\/p>\n<p>Wir freuen uns \u00fcber gewachsene Kooperationen. Das Edvard Said Konservatorium schickte Ibrahim Shaher (12Arts) ins Rennen. Ibrahim musizierte in der Kategorie Solo Violine Werke von Bach, Dvorak, Purcell, Ji pyong Kwon und anderen auf seiner Violine Solo.<\/p>\n<p>In der Kategorie Gesang Pop-Solo \u00fcberzeugten Sidra Abu Ghosh und Dina Gedeon mit einem bunten Programm von Billie Eilish, Namikas \u201eHallo Lieblingsmensch\u201c, Fairuz, dem Jazz Standard \u201eAutumn leaves\u201c oder Helene Fischers \u201eIch will immer wieder dieses Fieber sp\u00fcren\u201c. Rita Tawill, neue Gesangslehrerin an unserer Schule, unterst\u00fctzte Dina Gedeon auf dem Weg zum Erfolg.<\/p>\n<p>Martin Fackusseh \u00fcberzeugte einmal mehr auf dem Schlagzeug zu Musik von Steve Wilson, \u201eSound of Music\u201c, Dexter Gordon, \u201eBlue Bossa\u201c, Bill Withers, \u201eJust the tow uf us\u201c. Allein die Titel zeigen die Bandbreite an Stilen, in denen Martin Fackusseh mit seinem Lehrer Pierre Tawill von der Bethlehem Academy of Music zu Hause ist.<\/p>\n<p>F\u00fcr unsere Schule immer wieder neu wichtig sind die \u201eBesonderen Instrumente\u201c. Wir arbeiten in einer Kultur, f\u00fcr welche Tabla, Oud, Daf, Ney oder Quanon Teil der kulturellen Identit\u00e4t sind.<\/p>\n<p>&nbsp;<br \/>\nDiese Kultur wollen wir begleiten, festigen, bewundernd unterst\u00fctzen und dabei die Br\u00fccke zur Welt \u00fcber die Musik schlagen.<\/p>\n<p>I miss you, sang Sidra Abu Ghosh in einem f\u00fcr den Wettbewerb selbst komponierten Song, was&nbsp; mehr als begeisterte. Songwriting ein Vulkan kreativer Eruption, ein Novum f\u00fcr unsere Schule f\u00fcr einen Musikwettbewerb: wundervoll!<\/p>\n<p>\u201eI miss you Jugend musiziert\u201c werden wir auch am Ende eines besonderen und sch\u00f6nen Wettbewerbstages sagen. Wir freuen uns auf n\u00e4chstes Jahr.<\/p>\n<p><span style=\"color: #0000ff\"><strong>Unsere Gewinner &#8211; \u00dcbersicht:<\/strong><\/span><br \/>\n&nbsp;<span style=\"color: #993366\"><strong>Kategorie<\/strong><strong> Gesang Pop-Solo<\/strong><\/span><\/p>\n<ul>\n<li><strong><em>Sidra Abu Ghosh<\/em><\/strong>, 9DIA, 23 von 25Punkten, 1. Platz<br \/>\nWeiterleitung zum Landeswettbewerb nach Kairo (\u00c4gypten)<br \/>\nSidra Abu Ghosh \u00fcberzeugte die Jury mit einem selbst geschriebenen Pop Song!<\/li>\n<li><strong><em>Dina Gedeon<\/em><\/strong>, 11DIA, 23 von 25 Punkte, 1. Platz<br \/>\n<em>Weiterleitung zum Landeswettbewerb nach Kairo (\u00c4gypten)<\/em><\/li>\n<\/ul>\n<p><span style=\"color: #008000\"><strong>Kategorie Vokalensemble<\/strong><\/span> (das erste Mal an Talitha Kumi)<\/p>\n<ul>\n<li><strong><em>Ali Hassan Salah<\/em><\/strong>, 7DIA, 20 von 25 Punkten, 2. Platz<\/li>\n<li><strong><em>Miral Najajreh<\/em><\/strong>, 9DIA, 20 von 25 Punkten, 2. Platz<\/li>\n<\/ul>\n<p><strong><span style=\"color: #800000\">Kategorie Solo Violine<\/span> <\/strong>(das erste Mal an Talitha Kumi)<\/p>\n<ul>\n<li><strong><em>Ibrahim Shaer<\/em><\/strong>, 12 Science, Violin Solo 3. Platz (16 Punkte)<\/li>\n<\/ul>\n<p><span style=\"color: #333399\"><strong>Kategorie Drumset Solo<\/strong><\/span><\/p>\n<ul>\n<li><strong><em>Martin Fackuseseh<\/em><\/strong>, 12 Science, Schlagzeug Solo, 1. Platz, 24 von 25 Punkte<br \/>\n<em>Weiterleitung zum Landeswettbewerb nach Kairo<\/em><\/li>\n<\/ul>\n<p><span style=\"color: #003366\"><strong>Kategorie \u201eBesondere Instrumente\u201c Duo (Oriental instruments)<\/strong><\/span><\/p>\n<ul>\n<li><strong><em>Martin Fackusseh<\/em><\/strong>, 12 Science, Tabla, 25 von 25 Punkte, 1. Platz<\/li>\n<li><strong>Despina Bazazo <\/strong>Bethlehem Music Academy, Quanon, 25 von 25 Punkte, 1. Platz<br \/>\n<em><em>Weiterleitung zum Landeswettwerb nach Kairo<\/em><\/em>&nbsp;<\/li>\n<\/ul>\n<p>&nbsp;<\/p>\n<p>Music Department Talitha Kumi, 22.01.22<br \/>\nWW[\/vc_column_text][vc_gallery type=&#8221;image_grid&#8221; images=&#8221;11430,11431,11435,11436,11437,11438,11441,11442,11445,11446,11447,11449,11451,11452,11454,11456,11457,11458,11460,11462,11464,11466,11467,11468,11469,11470,11471&#8243;][vc_separator border_width=&#8221;3&#8243;][\/vc_column][\/vc_row][vc_row 0=&#8221;&#8221;][vc_column width=&#8221;1\/2&#8243;][vc_custom_heading text=&#8221;Kinderchor beim renommierten \u201eEurotreff\u201c&#8221; font_container=&#8221;tag:h2|text_align:left|color:%231e73be&#8221;][vc_column_text 0=&#8221;&#8221;]Ch\u00f6re aus Polen, Lettland, Rum\u00e4nien, Schweden, Israel und Deutschland waren dabei \u2013 und die jungen S\u00e4nger:innen des Talitha Kumi Kinderchores: Sie sangen alle gemeinsam das Jubilate Deo.<span id=\"more-2836\"><\/span><\/p>\n<p>Chor-Workshops und Ateliers, Konzerte in Schulen und in Gottesdiensten, Begegnungskonzerte sowie das Singen in Pflege- und Altenheimen \u2013 all dies ist m\u00f6glich beim&nbsp;<a href=\"https:\/\/www.eurotreff-amj.de\/\" target=\"_blank\" rel=\"noopener\">Eurotreff<\/a>, der alle zwei Jahre in Wolfenb\u00fcttel stattfindet. Viele hundert Kinder und Jugendliche aus unterschiedlichen L\u00e4ndern nehmen an dieser interkulturellen Begegnung teil. Mit renommierten Chorleiter:innen aus aller Welt erarbeiten sie das jeweilige Thema des Festivals. 2021 war dies, anl\u00e4sslich des 400. Todestages von&nbsp;<a href=\"http:\/\/kulturkirchen.org\/texte\/dictionary\/Komponisten\/Michael%20Praetorius\" target=\"_blank\" rel=\"noopener\">Michael Praetorius<\/a>, das&nbsp;<a href=\"https:\/\/www.alle-noten.de\/Gemischtes-Ensemble\/Jubilate-Deo-nr-3.html\" target=\"_blank\" rel=\"noopener\">Jubilate Deo<\/a>.<\/p>\n<p>Der Kinderchor Talitha Kumis hatte sich f\u00fcr die Teilnahme an diesem besonderen Event qualifiziert \u2013 und sehr darauf gefreut! Aufgrund der Pandemie wurde der diesj\u00e4hrige Eurotreff jedoch in die digitale Sph\u00e4re verlegt: Die Veranstalter:innen vom&nbsp;<a href=\"https:\/\/www.amj-musik.de\/\" target=\"_blank\" rel=\"noopener\">Arbeitskreis Musik in der Jugend<\/a>&nbsp;(AMJ) organisierten eine Videoproduktion, an der sich alle Ch\u00f6re beteiligten. Das eindrucksvolle Ergebnis ist&nbsp;<a href=\"https:\/\/www.youtube.com\/watch?v=NVG3-5KLSFk\" target=\"_blank\" rel=\"noopener\">HIER<\/a>&nbsp;auf You Tube zu sehen und zu h\u00f6ren.<\/p>\n<p>Musiklehrer und Chorleiter Wolfgang Weible berichtet \u00fcber die Vorbereitungen: \u201eEin liebevoll gepacktes P\u00e4ckchen aus Wolfenb\u00fcttel mit Geschenken, Tee, Bleistiften, Kopfh\u00f6rern, Postkarten und Musiknoten von Michael Praetorius erreichte die Musikanten des Talitha Kumi Kinderchors. Sie freuen sich sehr \u00fcber den Gru\u00df aus Wolfenb\u00fcttel. Im August ging es dann an die Arbeit. Unsere Chors\u00e4nger:innen konnten Zuhause mit Hilfe von Videos, sogenannter&nbsp;<a href=\"https:\/\/www.eurotreff-amj.de\/chorprojekt\/\" target=\"_blank\" rel=\"noopener\">Teach-Me-tools,<\/a>&nbsp;ihren jeweilige Stimmpart online \u00fcben und wiederholen. Am Ende wurde das Jubilate Deo des barocken Meisters Michael Praetorius in einem Arrangement von Martin Kirchh\u00fcbel aufgezeichnet.\u201c<\/p>\n<p>Erst in den Sommerferien habe sich der Kinderchor, in dem musikalisch begabte Sch\u00fcler:innen aus den Klassenstufen 6-10 des&nbsp;<a href=\"https:\/\/www.talithakumi.org\/de\/schule-2\/schule\/\" target=\"_blank\" rel=\"noopener\">DIA-Zweiges<\/a>&nbsp;mitsingen, \u00fcberhaupt wieder pers\u00f6nlich getroffen. Nach der pandemiebedingten Pause feierte der Chor das Wiedersehen bei einem gemeinsamen Fr\u00fchst\u00fcck vor der Probe: mit Pancakes und Trinkschokolade serviert vom&nbsp;<a href=\"https:\/\/www.talithakumi.org\/de\/gaestehaus-bethlehem\/\" target=\"_blank\" rel=\"noopener\">G\u00e4stehaus<\/a>&nbsp;\u2013 und jeder Menge Gespr\u00e4chsstoff. In der Kirche begann die erste Probe, wie Weible schildert mit einem \u201elangsamen Herantasten\u201c an die T\u00f6ne. \u201eDann erklang \u2013 am Anfang noch zaghaft \u2013 dies sch\u00f6ne Melodie des Jubilate Deo. Sie steigt schwungvoll in drei Tonschritten nach oben, dem Transzendenten entgegen.\u201c<\/p>\n<p>Am 11. September wurde das Video erstmals&nbsp;<a href=\"https:\/\/www.youtube.com\/watch?v=NVG3-5KLSFk\" target=\"_blank\" rel=\"noopener\">auf Youtube<\/a>&nbsp;ver\u00f6ffentlicht. Auch auf der&nbsp;<a href=\"https:\/\/www.facebook.com\/amj.musik\" target=\"_blank\" rel=\"noopener\">Facebook-Seite des AMJ<\/a>&nbsp;wurden die Eindr\u00fccke des Eurotreffs 2021 geteilt.[\/vc_column_text][\/vc_column][vc_column width=&#8221;1\/2&#8243;][vc_empty_space][vc_empty_space][vc_single_image image=&#8221;10939&#8243; img_size=&#8221;large&#8221;][vc_video link=&#8221;https:\/\/www.youtube.com\/watch?v=NVG3-5KLSFk&#8221;][\/vc_column][\/vc_row][vc_row 0=&#8221;&#8221;][vc_column 0=&#8221;&#8221;][vc_separator border_width=&#8221;3&#8243;][\/vc_column][\/vc_row][vc_row 0=&#8221;&#8221;][vc_column 0=&#8221;&#8221;][\/vc_column][\/vc_row]<\/p>\n<\/div>","protected":false},"excerpt":{"rendered":"<p>[vc_row 0=&#8221;&#8221;][vc_column 0=&#8221;&#8221;][vc_custom_heading text=&#8221;Musik &#8211; Aktuell&#8221; font_container=&#8221;tag:h2|font_size:40|text_align:center&#8221; use_theme_fonts=&#8221;yes&#8221;][vc_separator border_width=&#8221;3&#8243;][vc_custom_heading text=&#8221;TALITHA IDOL 2022 &#8211; YOUR CLASS SONG WILL WIN!&#8221; font_container=&#8221;tag:h2|font_size:36|text_align:left|color:%231e73be&#8221; google_fonts=&#8221;font_family:ABeeZee%3Aregular%2Citalic|font_style:400%20italic%3A400%3Aitalic&#8221;][vc_column_text 0=&#8221;&#8221;] Class- Song Competition in Talitha Kumi A festival of music, encounter, exchange and \u201cunlimited music\u201d Die Klasse 4d ist unser Talitha Idol 2022 \u2013 MABRUK! &nbsp; Am Samstag, den 07.05.2022 kamen Sch\u00fcler:innen aus Ramallah, [&hellip;]<\/p>\n","protected":false},"author":3,"featured_media":0,"parent":0,"menu_order":0,"comment_status":"closed","ping_status":"closed","template":"page-templates\/demo-nav-3.php","meta":{"footnotes":""},"class_list":["post-9598","page","type-page","status-publish","hentry"],"_links":{"self":[{"href":"https:\/\/talithakumi.ps\/school\/wp-json\/wp\/v2\/pages\/9598","targetHints":{"allow":["GET"]}}],"collection":[{"href":"https:\/\/talithakumi.ps\/school\/wp-json\/wp\/v2\/pages"}],"about":[{"href":"https:\/\/talithakumi.ps\/school\/wp-json\/wp\/v2\/types\/page"}],"author":[{"embeddable":true,"href":"https:\/\/talithakumi.ps\/school\/wp-json\/wp\/v2\/users\/3"}],"replies":[{"embeddable":true,"href":"https:\/\/talithakumi.ps\/school\/wp-json\/wp\/v2\/comments?post=9598"}],"version-history":[{"count":5,"href":"https:\/\/talithakumi.ps\/school\/wp-json\/wp\/v2\/pages\/9598\/revisions"}],"predecessor-version":[{"id":11699,"href":"https:\/\/talithakumi.ps\/school\/wp-json\/wp\/v2\/pages\/9598\/revisions\/11699"}],"wp:attachment":[{"href":"https:\/\/talithakumi.ps\/school\/wp-json\/wp\/v2\/media?parent=9598"}],"curies":[{"name":"wp","href":"https:\/\/api.w.org\/{rel}","templated":true}]}}